CRAN Package Check Results for Package pedometrics

Last updated on 2024-06-21 00:57:18 CEST.

Flavor Version Tinstall Tcheck Ttotal Status Flags
r-devel-linux-x86_64-debian-clang 0.12.1 24.47 54.76 79.23 NOTE
r-devel-linux-x86_64-debian-gcc 0.12.1 13.84 39.77 53.61 NOTE
r-devel-linux-x86_64-fedora-clang 0.12.1 102.05 NOTE
r-devel-linux-x86_64-fedora-gcc 0.12.1 95.40 NOTE
r-devel-windows-x86_64 0.12.1 20.00 78.00 98.00 NOTE
r-patched-linux-x86_64 0.12.1 17.48 50.98 68.46 NOTE
r-release-linux-x86_64 0.12.1 18.01 52.34 70.35 NOTE
r-release-macos-arm64 0.12.1 28.00 NOTE
r-release-macos-x86_64 0.12.1 42.00 NOTE
r-release-windows-x86_64 0.12.1 21.00 83.00 104.00 NOTE
r-oldrel-macos-arm64 0.12.1 31.00 NOTE
r-oldrel-macos-x86_64 0.12.1 46.00 NOTE
r-oldrel-windows-x86_64 0.12.1 25.00 94.00 119.00 OK

Check Details

Version: 0.12.1
Check: Rd files
Result: NOTE checkRd: (-1) variogramGuess.Rd:94: Lost braces 94 | Method \code{"b"} was proposed by \doi{10.1016/0098-3004(95)00095-X}{Jian et al. (1996)} and | ^ checkRd: (-1) variogramGuess.Rd:98: Lost braces 98 | \doi{10.1016/j.cageo.2008.10.011}{Hiemstra et al. (2009)}. | ^ checkRd: (-1) variogramGuess.Rd:100: Lost braces 100 | Method \code{"d"} was developed by \doi{10.1007/s11004-012-9434-1}{Desassis & Renard (2012)}. | ^ Flavors: r-devel-linux-x86_64-debian-clang, r-devel-linux-x86_64-debian-gcc, r-devel-linux-x86_64-fedora-clang, r-devel-linux-x86_64-fedora-gcc, r-devel-windows-x86_64, r-patched-linux-x86_64, r-release-linux-x86_64, r-release-macos-arm64, r-release-macos-x86_64, r-release-windows-x86_64

Version: 0.12.1
Check: package dependencies
Result: NOTE Package suggested but not available for checking: ‘georob’ Flavor: r-oldrel-macos-arm64

Version: 0.12.1
Check: package dependencies
Result: NOTE Packages suggested but not available for checking: 'car', 'fields', 'georob', 'gstat' Flavor: r-oldrel-macos-x86_64

Version: 0.12.1
Check: Rd cross-references
Result: NOTE Packages unavailable to check Rd xrefs: ‘fields’, ‘gstat’, ‘car’ Flavor: r-oldrel-macos-x86_64