CRAN Package Check Results for Package pedometrics

Last updated on 2023-09-27 23:37:41 CEST.

Flavor Version Tinstall Tcheck Ttotal Status Flags
r-devel-linux-x86_64-debian-clang 0.12.1 22.31 50.39 72.70 NOTE
r-devel-linux-x86_64-debian-gcc 0.12.1 14.77 38.31 53.08 NOTE
r-devel-linux-x86_64-fedora-clang 0.12.1 98.63 NOTE
r-devel-linux-x86_64-fedora-gcc 0.12.1 98.70 NOTE
r-devel-windows-x86_64 0.12.1 20.00 80.00 100.00 NOTE
r-patched-linux-x86_64 0.12.1 21.33 49.54 70.87 NOTE
r-release-linux-x86_64 0.12.1 21.78 49.23 71.01 NOTE
r-release-macos-arm64 0.12.1 31.00 NOTE
r-release-macos-x86_64 0.12.1 46.00 NOTE
r-release-windows-x86_64 0.12.1 25.00 92.00 117.00 NOTE
r-oldrel-macos-arm64 0.12.1 25.00 OK
r-oldrel-macos-x86_64 0.12.1 40.00 OK
r-oldrel-windows-x86_64 0.12.1 24.00 86.00 110.00 NOTE

Check Details

Version: 0.12.1
Check: package dependencies
Result: NOTE
    Package suggested but not available for checking: ‘georob’
Flavors: r-devel-linux-x86_64-debian-clang, r-devel-linux-x86_64-debian-gcc, r-devel-linux-x86_64-fedora-clang, r-devel-linux-x86_64-fedora-gcc, r-devel-windows-x86_64, r-patched-linux-x86_64, r-release-linux-x86_64, r-release-macos-arm64, r-release-windows-x86_64, r-oldrel-windows-x86_64

Version: 0.12.1
Check: package dependencies
Result: NOTE
    Packages suggested but not available for checking:
     'car', 'fields', 'georob', 'gstat'
Flavor: r-release-macos-x86_64

Version: 0.12.1
Check: Rd cross-references
Result: NOTE
    Packages unavailable to check Rd xrefs: ‘fields’, ‘gstat’, ‘car’
Flavor: r-release-macos-x86_64