CRAN Package Check Results for Package pegas

Last updated on 2023-11-29 00:50:27 CET.

Flavor Version Tinstall Tcheck Ttotal Status Flags
r-devel-linux-x86_64-debian-clang 1.2 15.49 109.94 125.43 NOTE
r-devel-linux-x86_64-debian-gcc 1.2 8.94 83.65 92.59 NOTE
r-devel-linux-x86_64-fedora-clang 1.2 157.63 OK
r-devel-linux-x86_64-fedora-gcc 1.2 160.18 OK
r-devel-windows-x86_64 1.2 13.00 148.00 161.00 OK
r-patched-linux-x86_64 1.2 14.45 105.43 119.88 OK
r-release-linux-x86_64 1.2 11.46 105.77 117.23 OK
r-release-macos-arm64 1.2 55.00 NOTE
r-release-macos-x86_64 1.2 90.00 OK
r-release-windows-x86_64 1.2 18.00 158.00 176.00 OK
r-oldrel-macos-arm64 1.2 50.00 OK
r-oldrel-macos-x86_64 1.2 64.00 OK
r-oldrel-windows-x86_64 1.2 17.00 163.00 180.00 OK

Check Details

Version: 1.2
Check: Rd files
Result: NOTE checkRd: (-1) MMD.Rd:34-35: Lost braces in \itemize; \value handles \item{}{} directly checkRd: (-1) MMD.Rd:36-37: Lost braces in \itemize; \value handles \item{}{} directly checkRd: (-1) MMD.Rd:38-39: Lost braces in \itemize; \value handles \item{}{} directly checkRd: (-1) options_themes_haploNet.Rd:22: Lost braces in \itemize; meant \describe ? checkRd: (-1) options_themes_haploNet.Rd:23: Lost braces in \itemize; meant \describe ? checkRd: (-1) options_themes_haploNet.Rd:24: Lost braces in \itemize; meant \describe ? checkRd: (-1) options_themes_haploNet.Rd:25: Lost braces in \itemize; meant \describe ? checkRd: (-1) options_themes_haploNet.Rd:26: Lost braces in \itemize; meant \describe ? checkRd: (-1) options_themes_haploNet.Rd:27: Lost braces in \itemize; meant \describe ? checkRd: (-1) options_themes_haploNet.Rd:28: Lost braces in \itemize; meant \describe ? checkRd: (-1) options_themes_haploNet.Rd:29: Lost braces in \itemize; meant \describe ? checkRd: (-1) options_themes_haploNet.Rd:30: Lost braces in \itemize; meant \describe ? checkRd: (-1) options_themes_haploNet.Rd:31-32: Lost braces in \itemize; meant \describe ? checkRd: (-1) options_themes_haploNet.Rd:33-34: Lost braces in \itemize; meant \describe ? checkRd: (-1) options_themes_haploNet.Rd:35: Lost braces in \itemize; meant \describe ? checkRd: (-1) options_themes_haploNet.Rd:36: Lost braces in \itemize; meant \describe ? checkRd: (-1) options_themes_haploNet.Rd:37: Lost braces in \itemize; meant \describe ? checkRd: (-1) options_themes_haploNet.Rd:39: Lost braces in \itemize; meant \describe ? checkRd: (-1) options_themes_haploNet.Rd:40-41: Lost braces in \itemize; meant \describe ? checkRd: (-1) options_themes_haploNet.Rd:42: Lost braces in \itemize; meant \describe ? checkRd: (-1) options_themes_haploNet.Rd:43: Lost braces in \itemize; meant \describe ? checkRd: (-1) options_themes_haploNet.Rd:44-45: Lost braces in \itemize; meant \describe ? checkRd: (-1) options_themes_haploNet.Rd:46-47: Lost braces in \itemize; meant \describe ? checkRd: (-1) options_themes_haploNet.Rd:48: Lost braces in \itemize; meant \describe ? checkRd: (-1) options_themes_haploNet.Rd:51-52: Lost braces in \itemize; meant \describe ? Flavors: r-devel-linux-x86_64-debian-clang, r-devel-linux-x86_64-debian-gcc

Version: 1.2
Check: package dependencies
Result: NOTE Package suggested but not available for checking: ‘snpStats’ Flavor: r-release-macos-arm64