CRAN Package Check Results for Package pems.utils

Last updated on 2024-04-20 00:56:18 CEST.

Flavor Version Tinstall Tcheck Ttotal Status Flags
r-devel-linux-x86_64-debian-clang 0.2.29.1 63.33 421.58 484.91 NOTE
r-devel-linux-x86_64-debian-gcc 0.2.29.1 NOTE
r-devel-linux-x86_64-fedora-clang 0.2.29.1 598.41 NOTE
r-devel-linux-x86_64-fedora-gcc 0.2.29.1 586.54 NOTE
r-prerel-macos-arm64 0.2.29.1 124.00 NOTE
r-prerel-windows-x86_64 0.2.29.1 56.00 269.00 325.00 NOTE
r-patched-linux-x86_64 0.2.29.1 65.99 390.88 456.87 NOTE
r-release-linux-x86_64 0.2.29.1 43.19 393.25 436.44 OK
r-release-macos-arm64 0.2.29.1 139.00 OK
r-release-macos-x86_64 0.2.29.1 247.00 OK
r-release-windows-x86_64 0.2.29.1 72.00 360.00 432.00 OK
r-oldrel-macos-arm64 0.2.29.1 112.00 OK
r-oldrel-windows-x86_64 0.2.29.1 72.00 343.00 415.00 OK

Check Details

Version: 0.2.29.1
Check: Rd files
Result: NOTE checkRd: (-1) 5.1.pems.plots.Rd:212: Lost braces; missing escapes or markup? 212 | (Logical or character) For {WatsonPlot}, how to | ^ checkRd: (-1) 5.1.pems.plots.Rd:221: Lost braces; missing escapes or markup? 221 | (numeric) For {WatsonPlot}, pre-set plot types: | ^ checkRd: (-1) 6.2.check.functions.Rd:189: Lost braces 189 | If a parent function is identified as \code{fun.name} and the check case (code{input}, | ^ checkRd: (-1) 7.1.vsp.code.Rd:89: Lost braces 89 | code{\link{common.calculations}} for further details. | ^ checkRd: (-1) 7.2.emissions.code.Rd:90: Lost braces 90 | emissions calculation methods. It accepts an input code{conc} which it checks and passes | ^ checkRd: (-1) 8.1.tidyverse.tools.Rd:139: Lost braces 139 | (\code{pems}, code{data.frame}, etc) to | ^ Flavors: r-devel-linux-x86_64-debian-clang, r-devel-linux-x86_64-debian-gcc, r-devel-linux-x86_64-fedora-clang, r-devel-linux-x86_64-fedora-gcc, r-prerel-macos-arm64, r-prerel-windows-x86_64, r-patched-linux-x86_64