CRAN Package Check Results for Package penPHcure

Last updated on 2024-06-13 00:55:26 CEST.

Flavor Version Tinstall Tcheck Ttotal Status Flags
r-devel-linux-x86_64-debian-clang 1.0.2 173.11 83.46 256.57 NOTE
r-devel-linux-x86_64-debian-gcc 1.0.2 120.89 76.90 197.79 NOTE
r-devel-linux-x86_64-fedora-clang 1.0.2 388.70 NOTE
r-devel-linux-x86_64-fedora-gcc 1.0.2 388.25 NOTE
r-devel-windows-x86_64 1.0.2 137.00 97.00 234.00 NOTE
r-patched-linux-x86_64 1.0.2 157.38 94.09 251.47 NOTE
r-release-linux-x86_64 1.0.2 146.26 93.37 239.63 NOTE
r-release-macos-arm64 1.0.2 76.00 NOTE
r-release-macos-x86_64 1.0.2 85.00 NOTE
r-release-windows-x86_64 1.0.2 138.00 102.00 240.00 NOTE
r-oldrel-macos-arm64 1.0.2 91.00 NOTE
r-oldrel-macos-x86_64 1.0.2 151.00 NOTE
r-oldrel-windows-x86_64 1.0.2 165.00 120.00 285.00 NOTE

Check Details

Version: 1.0.2
Check: C++ specification
Result: NOTE Specified C++11: please drop specification unless essential Flavors: r-devel-linux-x86_64-debian-clang, r-devel-linux-x86_64-debian-gcc, r-devel-linux-x86_64-fedora-clang, r-devel-linux-x86_64-fedora-gcc, r-devel-windows-x86_64, r-patched-linux-x86_64, r-release-linux-x86_64, r-release-macos-arm64, r-release-macos-x86_64, r-release-windows-x86_64, r-oldrel-macos-arm64, r-oldrel-macos-x86_64, r-oldrel-windows-x86_64

Version: 1.0.2
Check: installed package size
Result: NOTE installed size is 5.9Mb sub-directories of 1Mb or more: libs 5.7Mb Flavors: r-release-macos-arm64, r-release-macos-x86_64, r-oldrel-macos-arm64, r-oldrel-macos-x86_64