Last updated on 2023-06-08 01:02:36 CEST.
Flavor | Version | Tinstall | Tcheck | Ttotal | Status | Flags |
---|---|---|---|---|---|---|
r-devel-linux-x86_64-debian-clang | 0.9-52 | 89.03 | 130.30 | 219.33 | NOTE | |
r-devel-linux-x86_64-debian-gcc | 0.9-52 | 71.03 | 99.79 | 170.82 | NOTE | |
r-devel-linux-x86_64-fedora-clang | 0.9-52 | 299.75 | NOTE | |||
r-devel-linux-x86_64-fedora-gcc | 0.9-52 | 312.59 | NOTE | |||
r-devel-windows-x86_64 | 0.9-52 | 66.00 | 143.00 | 209.00 | NOTE | |
r-patched-linux-x86_64 | 0.9-52 | 78.46 | 127.18 | 205.64 | NOTE | |
r-release-linux-x86_64 | 0.9-52 | 74.05 | 126.65 | 200.70 | NOTE | |
r-release-macos-arm64 | 0.9-52 | 103.00 | NOTE | |||
r-release-macos-x86_64 | 0.9-52 | 173.00 | NOTE | |||
r-release-windows-x86_64 | 0.9-52 | 91.00 | 157.00 | 248.00 | NOTE | |
r-oldrel-macos-arm64 | 0.9-52 | 87.00 | NOTE | |||
r-oldrel-macos-x86_64 | 0.9-52 | 111.00 | NOTE | |||
r-oldrel-windows-x86_64 | 0.9-52 | 87.00 | 161.00 | 248.00 | OK |
Version: 0.9-52
Check: C++ specification
Result: NOTE
Specified C++11: please drop specification unless essential
Flavors: r-devel-linux-x86_64-debian-clang, r-devel-linux-x86_64-debian-gcc, r-devel-linux-x86_64-fedora-clang, r-devel-linux-x86_64-fedora-gcc, r-devel-windows-x86_64, r-patched-linux-x86_64, r-release-linux-x86_64, r-release-macos-arm64, r-release-macos-x86_64, r-release-windows-x86_64
Version: 0.9-52
Check: Rd files
Result: NOTE
checkRd: (-1) breslow.Rd:27: Escaped LaTeX specials: \# \#
Flavors: r-devel-linux-x86_64-debian-clang, r-devel-linux-x86_64-debian-gcc, r-devel-linux-x86_64-fedora-clang, r-devel-linux-x86_64-fedora-gcc, r-devel-windows-x86_64, r-patched-linux-x86_64, r-release-linux-x86_64, r-release-macos-arm64, r-release-macos-x86_64, r-release-windows-x86_64
Version: 0.9-52
Check: installed package size
Result: NOTE
installed size is 6.4Mb
sub-directories of 1Mb or more:
libs 5.4Mb
Flavors: r-release-macos-arm64, r-release-macos-x86_64, r-oldrel-macos-arm64, r-oldrel-macos-x86_64