Last updated on 2023-09-23 00:54:00 CEST.
Flavor | Version | Tinstall | Tcheck | Ttotal | Status | Flags |
---|---|---|---|---|---|---|
r-devel-linux-x86_64-debian-clang | 0.2 | 17.85 | 136.17 | 154.02 | NOTE | |
r-devel-linux-x86_64-debian-gcc | 0.2 | 15.25 | 100.14 | 115.39 | NOTE | |
r-devel-linux-x86_64-fedora-clang | 0.2 | 196.31 | NOTE | |||
r-devel-linux-x86_64-fedora-gcc | 0.2 | 183.64 | NOTE | |||
r-devel-windows-x86_64 | 0.2 | 16.00 | 107.00 | 123.00 | NOTE | |
r-patched-linux-x86_64 | 0.2 | 15.95 | 128.89 | 144.84 | NOTE | |
r-release-linux-x86_64 | 0.2 | 12.91 | 129.86 | 142.77 | NOTE | |
r-release-macos-arm64 | 0.2 | 64.00 | NOTE | |||
r-release-macos-x86_64 | 0.2 | 91.00 | NOTE | |||
r-release-windows-x86_64 | 0.2 | 22.00 | 129.00 | 151.00 | NOTE | |
r-oldrel-macos-arm64 | 0.2 | 47.00 | OK | |||
r-oldrel-macos-x86_64 | 0.2 | 90.00 | OK | |||
r-oldrel-windows-x86_64 | 0.2 | 22.00 | 142.00 | 164.00 | OK |
Version: 0.2
Check: Rd files
Result: NOTE
checkRd: (-1) my.bspline.Rd:38: Escaped LaTeX specials: \$ \$ \$
Flavors: r-devel-linux-x86_64-debian-clang, r-devel-linux-x86_64-debian-gcc, r-devel-linux-x86_64-fedora-clang, r-devel-linux-x86_64-fedora-gcc, r-devel-windows-x86_64, r-patched-linux-x86_64, r-release-linux-x86_64, r-release-macos-arm64, r-release-macos-x86_64, r-release-windows-x86_64