Last updated on 2023-05-29 00:59:40 CEST.
Flavor | Version | Tinstall | Tcheck | Ttotal | Status | Flags |
---|---|---|---|---|---|---|
r-devel-linux-x86_64-debian-clang | 0.1.2 | 14.45 | 110.76 | 125.21 | OK | |
r-devel-linux-x86_64-debian-gcc | 0.1.2 | 10.10 | 85.16 | 95.26 | OK | |
r-devel-linux-x86_64-fedora-clang | 0.1.2 | 156.12 | NOTE | |||
r-devel-linux-x86_64-fedora-gcc | 0.1.2 | 147.27 | NOTE | |||
r-devel-windows-x86_64 | 0.1.2 | 12.00 | 94.00 | 106.00 | OK | |
r-patched-linux-x86_64 | 0.1.2 | 16.44 | 106.49 | 122.93 | OK | |
r-release-linux-x86_64 | 0.1.2 | 9.05 | 105.40 | 114.45 | OK | |
r-release-macos-arm64 | 0.1.2 | 45.00 | OK | |||
r-release-macos-x86_64 | 0.1.2 | 75.00 | NOTE | |||
r-release-windows-x86_64 | 0.1.2 | 16.00 | 116.00 | 132.00 | OK | |
r-oldrel-macos-arm64 | 0.1.2 | 47.00 | OK | |||
r-oldrel-macos-x86_64 | 0.1.2 | 60.00 | OK | |||
r-oldrel-windows-x86_64 | 0.1.2 | 17.00 | 116.00 | 133.00 | OK |
Version: 0.1.2
Check: data for non-ASCII characters
Result: NOTE
Note: found 4 marked UTF-8 strings
Flavors: r-devel-linux-x86_64-fedora-clang, r-devel-linux-x86_64-fedora-gcc
Version: 0.1.2
Check: package dependencies
Result: NOTE
Package suggested but not available for checking: ‘emmeans’
Flavor: r-release-macos-x86_64