CRAN Package Check Results for Package perfectphyloR

Last updated on 2023-10-04 00:58:32 CEST.

Flavor Version Tinstall Tcheck Ttotal Status Flags
r-devel-linux-x86_64-debian-clang 0.2.1 59.12 54.73 113.85 NOTE
r-devel-linux-x86_64-debian-gcc 0.2.1 40.05 41.51 81.56 NOTE
r-devel-linux-x86_64-fedora-clang 0.2.1 170.42 NOTE
r-devel-linux-x86_64-fedora-gcc 0.2.1 169.12 NOTE
r-devel-windows-x86_64 0.2.1 48.00 89.00 137.00 NOTE
r-patched-linux-x86_64 0.2.1 57.88 52.85 110.73 NOTE
r-release-linux-x86_64 0.2.1 59.49 53.12 112.61 NOTE
r-release-macos-arm64 0.2.1 56.00 NOTE
r-release-macos-x86_64 0.2.1 80.00 NOTE
r-release-windows-x86_64 0.2.1 55.00 102.00 157.00 NOTE
r-oldrel-macos-arm64 0.2.1 43.00 OK
r-oldrel-macos-x86_64 0.2.1 56.00 OK
r-oldrel-windows-x86_64 0.2.1 54.00 101.00 155.00 OK

Check Details

Version: 0.2.1
Check: C++ specification
Result: NOTE
     Specified C++11: please drop specification unless essential
Flavors: r-devel-linux-x86_64-debian-clang, r-devel-linux-x86_64-debian-gcc, r-devel-linux-x86_64-fedora-clang, r-devel-linux-x86_64-fedora-gcc, r-devel-windows-x86_64, r-patched-linux-x86_64, r-release-linux-x86_64, r-release-macos-arm64, r-release-macos-x86_64, r-release-windows-x86_64

Version: 0.2.1
Check: package dependencies
Result: NOTE
    Package suggested but not available for checking: ‘vcfR’
Flavor: r-release-macos-x86_64