CRAN Package Check Results for Package pgee.mixed

Last updated on 2021-10-19 00:49:26 CEST.

Flavor Version Tinstall Tcheck Ttotal Status Flags
r-devel-linux-x86_64-debian-clang 0.1.0 40.01 36.34 76.35 NOTE
r-devel-linux-x86_64-debian-gcc 0.1.0 28.96 27.69 56.65 NOTE
r-devel-linux-x86_64-fedora-clang 0.1.0 114.65 NOTE
r-devel-linux-x86_64-fedora-gcc 0.1.0 96.64 NOTE
r-devel-windows-x86_64 0.1.0 50.00 68.00 118.00 NOTE
r-devel-windows-x86_64-gcc10-UCRT 0.1.0 NOTE
r-patched-linux-x86_64 0.1.0 32.17 35.85 68.02 NOTE
r-patched-solaris-x86 0.1.0 111.40 NOTE
r-release-linux-x86_64 0.1.0 34.14 35.30 69.44 NOTE
r-release-macos-arm64 0.1.0 NOTE
r-release-macos-x86_64 0.1.0 NOTE
r-release-windows-ix86+x86_64 0.1.0 69.00 82.00 151.00 NOTE
r-oldrel-macos-x86_64 0.1.0 OK
r-oldrel-windows-ix86+x86_64 0.1.0 94.00 85.00 179.00 OK

Check Details

Version: 0.1.0
Check: LazyData
Result: NOTE
     'LazyData' is specified without a 'data' directory
Flavors: r-devel-linux-x86_64-debian-clang, r-devel-linux-x86_64-debian-gcc, r-devel-linux-x86_64-fedora-clang, r-devel-linux-x86_64-fedora-gcc, r-devel-windows-x86_64, r-devel-windows-x86_64-gcc10-UCRT, r-patched-linux-x86_64, r-patched-solaris-x86, r-release-linux-x86_64, r-release-macos-arm64, r-release-macos-x86_64, r-release-windows-ix86+x86_64

Version: 0.1.0
Check: compiled code
Result: NOTE
    File ‘pgee.mixed/libs/pgee.mixed.so’:
     Found no calls to: ‘R_registerRoutines’, ‘R_useDynamicSymbols’
    
    It is good practice to register native routines and to disable symbol
    search.
    
    See ‘Writing portable packages’ in the ‘Writing R Extensions’ manual.
Flavors: r-devel-linux-x86_64-fedora-clang, r-devel-linux-x86_64-fedora-gcc