CRAN Package Check Results for Package pgirmess

Last updated on 2021-10-26 01:00:00 CEST.

Flavor Version Tinstall Tcheck Ttotal Status Flags
r-devel-linux-x86_64-debian-clang 1.7.0 35.92 299.91 335.83 OK
r-devel-linux-x86_64-debian-gcc 1.7.0 28.08 221.87 249.95 OK
r-devel-linux-x86_64-fedora-clang 1.7.0 400.86 NOTE
r-devel-linux-x86_64-fedora-gcc 1.7.0 388.47 OK
r-devel-windows-x86_64 1.7.0 59.00 363.00 422.00 OK
r-devel-windows-x86_64-gcc10-UCRT 1.7.0 OK
r-patched-linux-x86_64 1.7.0 35.25 286.50 321.75 OK
r-patched-solaris-x86 1.7.0 510.30 OK
r-release-linux-x86_64 1.7.0 26.83 287.72 314.55 OK
r-release-macos-arm64 1.7.0 OK
r-release-macos-x86_64 1.7.0 OK
r-release-windows-ix86+x86_64 1.7.0 58.00 410.00 468.00 OK
r-oldrel-macos-x86_64 1.7.0 OK
r-oldrel-windows-ix86+x86_64 1.7.0 63.00 265.00 328.00 OK

Check Details

Version: 1.7.0
Check: Rd cross-references
Result: NOTE
    Undeclared packages ‘classInt’, ‘PMCMR’, ‘agricolae’, ‘plotrix’, ‘AICcmodavg’ in Rd xrefs
Flavor: r-devel-linux-x86_64-fedora-clang