CRAN Package Check Results for Package ph2bye

Last updated on 2024-06-15 00:54:13 CEST.

Flavor Version Tinstall Tcheck Ttotal Status Flags
r-devel-linux-x86_64-debian-clang 0.1.4 21.57 40.98 62.55 NOTE
r-devel-linux-x86_64-debian-gcc 0.1.4 13.36 30.37 43.73 NOTE
r-devel-linux-x86_64-fedora-clang 0.1.4 89.92 NOTE
r-devel-linux-x86_64-fedora-gcc 0.1.4 80.73 NOTE
r-devel-windows-x86_64 0.1.4 18.00 72.00 90.00 NOTE
r-patched-linux-x86_64 0.1.4 15.85 40.46 56.31 NOTE
r-release-linux-x86_64 0.1.4 16.58 39.68 56.26 NOTE
r-release-macos-arm64 0.1.4 23.00 NOTE
r-release-macos-x86_64 0.1.4 35.00 NOTE
r-release-windows-x86_64 0.1.4 18.00 75.00 93.00 NOTE
r-oldrel-macos-arm64 0.1.4 27.00 NOTE
r-oldrel-macos-x86_64 0.1.4 39.00 NOTE
r-oldrel-windows-x86_64 0.1.4 22.00 77.00 99.00 NOTE

Check Details

Version: 0.1.4
Check: LazyData
Result: NOTE 'LazyData' is specified without a 'data' directory Flavors: r-devel-linux-x86_64-debian-clang, r-devel-linux-x86_64-debian-gcc, r-devel-linux-x86_64-fedora-clang, r-devel-linux-x86_64-fedora-gcc, r-devel-windows-x86_64, r-patched-linux-x86_64, r-release-linux-x86_64, r-release-macos-arm64, r-release-macos-x86_64, r-release-windows-x86_64, r-oldrel-macos-arm64, r-oldrel-macos-x86_64, r-oldrel-windows-x86_64

Version: 0.1.4
Check: for non-standard things in the check directory
Result: NOTE Found the following files/directories: ‘animation.gif’ Flavors: r-devel-linux-x86_64-debian-clang, r-devel-linux-x86_64-debian-gcc, r-devel-linux-x86_64-fedora-clang, r-devel-linux-x86_64-fedora-gcc, r-patched-linux-x86_64, r-release-linux-x86_64

Version: 0.1.4
Check: compiled code
Result: NOTE File ‘ph2bye/libs/ph2bye.so’: Found no calls to: ‘R_registerRoutines’, ‘R_useDynamicSymbols’ It is good practice to register native routines and to disable symbol search. See ‘Writing portable packages’ in the ‘Writing R Extensions’ manual. Flavors: r-devel-linux-x86_64-fedora-clang, r-devel-linux-x86_64-fedora-gcc