Last updated on 2023-12-11 00:49:15 CET.
Flavor | Version | Tinstall | Tcheck | Ttotal | Status | Flags |
---|---|---|---|---|---|---|
r-devel-linux-x86_64-debian-clang | 1.1.0 | 11.66 | 93.14 | 104.80 | NOTE | |
r-devel-linux-x86_64-debian-gcc | 1.1.0 | 8.22 | 68.24 | 76.46 | NOTE | |
r-devel-linux-x86_64-fedora-clang | 1.1.0 | 120.53 | NOTE | |||
r-devel-linux-x86_64-fedora-gcc | 1.1.0 | 123.34 | NOTE | |||
r-devel-windows-x86_64 | 1.1.0 | 10.00 | 87.00 | 97.00 | NOTE | |
r-patched-linux-x86_64 | 1.1.0 | 9.55 | 88.53 | 98.08 | OK | |
r-release-linux-x86_64 | 1.1.0 | 9.91 | 86.92 | 96.83 | OK | |
r-release-macos-arm64 | 1.1.0 | 50.00 | OK | |||
r-release-macos-x86_64 | 1.1.0 | 72.00 | OK | |||
r-release-windows-x86_64 | 1.1.0 | 13.00 | 99.00 | 112.00 | OK | |
r-oldrel-macos-arm64 | 1.1.0 | 36.00 | OK | |||
r-oldrel-macos-x86_64 | 1.1.0 | 51.00 | OK | |||
r-oldrel-windows-x86_64 | 1.1.0 | 13.00 | 102.00 | 115.00 | OK |
Version: 1.1.0
Check: Rd contents
Result: NOTE
Auto-generated content requiring editing in Rd file 'phm-package.Rd':
\references: ‘This optional section can contain literature or other refere...’
\seealso: ‘Optional links to other man pages’
\examples: ‘\dontrun{ ## Optional simple examples of the most impor...’
Flavors: r-devel-linux-x86_64-debian-clang, r-devel-linux-x86_64-debian-gcc, r-devel-linux-x86_64-fedora-clang, r-devel-linux-x86_64-fedora-gcc, r-devel-windows-x86_64