CRAN Package Check Results for Package photobiologyLamps

Last updated on 2021-10-26 01:00:00 CEST.

Flavor Version Tinstall Tcheck Ttotal Status Flags
r-devel-linux-x86_64-debian-clang 0.4.3 3.50 43.04 46.54 OK
r-devel-linux-x86_64-debian-gcc 0.4.3 3.02 33.59 36.61 OK
r-devel-linux-x86_64-fedora-clang 0.4.3 66.72 NOTE
r-devel-linux-x86_64-fedora-gcc 0.4.3 56.28 NOTE
r-devel-windows-x86_64 0.4.3 8.00 66.00 74.00 OK
r-devel-windows-x86_64-gcc10-UCRT 0.4.3 NOTE
r-patched-linux-x86_64 0.4.3 3.88 41.02 44.90 OK
r-patched-solaris-x86 0.4.3 74.60 NOTE
r-release-linux-x86_64 0.4.3 3.66 40.47 44.13 OK
r-release-macos-arm64 0.4.3 NOTE
r-release-macos-x86_64 0.4.3 NOTE
r-release-windows-ix86+x86_64 0.4.3 7.00 64.00 71.00 OK
r-oldrel-macos-x86_64 0.4.3 NOTE
r-oldrel-windows-ix86+x86_64 0.4.3 10.00 67.00 77.00 OK

Check Details

Version: 0.4.3
Check: Rd cross-references
Result: NOTE
    Undeclared package ‘photobiologyLEDs’ in Rd xrefs
Flavor: r-devel-linux-x86_64-fedora-clang

Version: 0.4.3
Check: data for non-ASCII characters
Result: NOTE
     Note: found 1 marked Latin-1 string
Flavors: r-devel-linux-x86_64-fedora-clang, r-devel-linux-x86_64-fedora-gcc, r-devel-windows-x86_64-gcc10-UCRT, r-patched-solaris-x86, r-release-macos-arm64, r-release-macos-x86_64, r-oldrel-macos-x86_64