CRAN Package Check Results for Package phsmethods

Last updated on 2024-06-23 00:56:44 CEST.

Flavor Version Tinstall Tcheck Ttotal Status Flags
r-devel-linux-x86_64-debian-clang 1.0.2 5.90 73.09 78.99 OK
r-devel-linux-x86_64-debian-gcc 1.0.2 4.10 54.57 58.67 OK
r-devel-linux-x86_64-fedora-clang 1.0.2 98.21 NOTE
r-devel-linux-x86_64-fedora-gcc 1.0.2 104.27 NOTE
r-devel-windows-x86_64 1.0.2 6.00 80.00 86.00 OK
r-patched-linux-x86_64 1.0.2 5.60 69.88 75.48 OK
r-release-linux-x86_64 1.0.2 2.87 70.41 73.28 OK
r-release-macos-arm64 1.0.2 37.00 OK
r-release-macos-x86_64 1.0.2 56.00 OK
r-release-windows-x86_64 1.0.2 6.00 82.00 88.00 OK
r-oldrel-macos-arm64 1.0.2 41.00 OK
r-oldrel-macos-x86_64 1.0.2 69.00 OK
r-oldrel-windows-x86_64 1.0.2 7.00 85.00 92.00 OK

Check Details

Version: 1.0.2
Check: data for non-ASCII characters
Result: NOTE Note: found 4 marked UTF-8 strings Flavors: r-devel-linux-x86_64-fedora-clang, r-devel-linux-x86_64-fedora-gcc