Last updated on 2023-05-29 00:59:41 CEST.
Flavor | Version | Tinstall | Tcheck | Ttotal | Status | Flags |
---|---|---|---|---|---|---|
r-devel-linux-x86_64-debian-clang | 0.8.10 | 39.75 | 165.15 | 204.90 | NOTE | |
r-devel-linux-x86_64-debian-gcc | 0.8.10 | 31.38 | 124.60 | 155.98 | NOTE | |
r-devel-linux-x86_64-fedora-clang | 0.8.10 | 266.34 | NOTE | |||
r-devel-linux-x86_64-fedora-gcc | 0.8.10 | 260.54 | NOTE | |||
r-devel-windows-x86_64 | 0.8.10 | 35.00 | 165.00 | 200.00 | NOTE | |
r-patched-linux-x86_64 | 0.8.10 | 33.37 | 154.87 | 188.24 | NOTE | |
r-release-linux-x86_64 | 0.8.10 | 27.39 | 155.37 | 182.76 | NOTE | |
r-release-macos-arm64 | 0.8.10 | 83.00 | NOTE | |||
r-release-macos-x86_64 | 0.8.10 | 151.00 | NOTE | |||
r-release-windows-x86_64 | 0.8.10 | 46.00 | 210.00 | 256.00 | NOTE | |
r-oldrel-macos-arm64 | 0.8.10 | 67.00 | OK | |||
r-oldrel-macos-x86_64 | 0.8.10 | 130.00 | OK | |||
r-oldrel-windows-x86_64 | 0.8.10 | 45.00 | 192.00 | 237.00 | OK |
Version: 0.8.10
Check: Rd files
Result: NOTE
checkRd: (-1) phylo4d-methods.Rd:209: Escaped LaTeX specials: \$
Flavors: r-devel-linux-x86_64-debian-clang, r-devel-linux-x86_64-debian-gcc, r-devel-linux-x86_64-fedora-clang, r-devel-linux-x86_64-fedora-gcc, r-devel-windows-x86_64, r-patched-linux-x86_64, r-release-linux-x86_64, r-release-macos-arm64, r-release-macos-x86_64, r-release-windows-x86_64