CRAN Package Check Results for Package phylogram

Last updated on 2025-01-21 00:48:36 CET.

Flavor Version Tinstall Tcheck Ttotal Status Flags
r-devel-linux-x86_64-debian-clang 2.1.0 2.99 39.37 42.36 OK
r-devel-linux-x86_64-debian-gcc 2.1.0 2.33 31.01 33.34 OK
r-devel-linux-x86_64-fedora-clang 2.1.0 70.41 OK
r-devel-linux-x86_64-fedora-gcc 2.1.0 86.59 OK
r-devel-windows-x86_64 2.1.0 4.00 57.00 61.00 OK
r-patched-linux-x86_64 2.1.0 2.77 38.14 40.91 NOTE
r-release-linux-x86_64 2.1.0 2.58 38.07 40.65 NOTE
r-release-macos-arm64 2.1.0 28.00 NOTE
r-release-macos-x86_64 2.1.0 42.00 NOTE
r-release-windows-x86_64 2.1.0 4.00 82.00 86.00 NOTE
r-oldrel-macos-arm64 2.1.0 29.00 NOTE
r-oldrel-macos-x86_64 2.1.0 43.00 NOTE
r-oldrel-windows-x86_64 2.1.0 5.00 60.00 65.00 NOTE

Check Details

Version: 2.1.0
Check: LazyData
Result: NOTE 'LazyData' is specified without a 'data' directory Flavors: r-patched-linux-x86_64, r-release-linux-x86_64, r-release-macos-arm64, r-release-macos-x86_64, r-release-windows-x86_64, r-oldrel-macos-arm64, r-oldrel-macos-x86_64, r-oldrel-windows-x86_64