CRAN Package Check Results for Package phylogram

Last updated on 2024-07-14 00:55:30 CEST.

Flavor Version Tinstall Tcheck Ttotal Status Flags
r-devel-linux-x86_64-debian-clang 2.1.0 3.70 52.18 55.88 NOTE
r-devel-linux-x86_64-debian-gcc 2.1.0 2.98 38.80 41.78 NOTE
r-devel-linux-x86_64-fedora-clang 2.1.0 70.95 NOTE
r-devel-linux-x86_64-fedora-gcc 2.1.0 79.11 NOTE
r-devel-windows-x86_64 2.1.0 4.00 58.00 62.00 NOTE
r-patched-linux-x86_64 2.1.0 3.92 48.50 52.42 NOTE
r-release-linux-x86_64 2.1.0 3.57 48.90 52.47 NOTE
r-release-macos-arm64 2.1.0 28.00 NOTE
r-release-macos-x86_64 2.1.0 42.00 NOTE
r-release-windows-x86_64 2.1.0 4.00 57.00 61.00 NOTE
r-oldrel-macos-arm64 2.1.0 29.00 NOTE
r-oldrel-macos-x86_64 2.1.0 43.00 NOTE
r-oldrel-windows-x86_64 2.1.0 5.00 60.00 65.00 NOTE

Check Details

Version: 2.1.0
Check: LazyData
Result: NOTE 'LazyData' is specified without a 'data' directory Flavors: r-devel-linux-x86_64-debian-clang, r-devel-linux-x86_64-debian-gcc, r-devel-linux-x86_64-fedora-clang, r-devel-linux-x86_64-fedora-gcc, r-devel-windows-x86_64, r-patched-linux-x86_64, r-release-linux-x86_64, r-release-macos-arm64, r-release-macos-x86_64, r-release-windows-x86_64, r-oldrel-macos-arm64, r-oldrel-macos-x86_64, r-oldrel-windows-x86_64