CRAN Package Check Results for Package phylolm

Last updated on 2021-11-28 00:48:55 CET.

Flavor Version Tinstall Tcheck Ttotal Status Flags
r-devel-linux-x86_64-debian-clang 2.6.2 OK
r-devel-linux-x86_64-debian-gcc 2.6.2 7.24 49.36 56.60 OK
r-devel-linux-x86_64-fedora-clang 2.6.2 98.01 NOTE
r-devel-linux-x86_64-fedora-gcc 2.6.2 86.59 OK
r-devel-windows-x86_64-new-UL 2.6.2 21.00 118.00 139.00 OK
r-devel-windows-x86_64-new-TK 2.6.2 OK
r-devel-windows-x86_64-old 2.6.2 11.00 92.00 103.00 OK
r-patched-linux-x86_64 2.6.2 8.84 61.61 70.45 OK
r-patched-solaris-x86 2.6.2 116.50 OK
r-release-linux-x86_64 2.6.2 OK
r-release-macos-arm64 2.6.2 OK
r-release-macos-x86_64 2.6.2 OK
r-release-windows-ix86+x86_64 2.6.2 20.00 89.00 109.00 OK
r-oldrel-macos-x86_64 2.6.2 OK
r-oldrel-windows-ix86+x86_64 2.6.2 17.00 120.00 137.00 OK

Check Details

Version: 2.6.2
Check: Rd cross-references
Result: NOTE
    Undeclared packages ‘future’, ‘geiger’, ‘caper’ in Rd xrefs
Flavor: r-devel-linux-x86_64-fedora-clang