CRAN Package Check Results for Package phytools

Last updated on 2024-06-14 00:53:53 CEST.

Flavor Version Tinstall Tcheck Ttotal Status Flags
r-devel-linux-x86_64-debian-clang 2.1-1 55.06 400.27 455.33 OK
r-devel-linux-x86_64-debian-gcc 2.1-1 0.45 1.76 2.21 ERROR
r-devel-linux-x86_64-fedora-clang 2.1-1 552.78 OK
r-devel-linux-x86_64-fedora-gcc 2.1-1 516.38 OK
r-devel-windows-x86_64 2.1-1 49.00 274.00 323.00 OK
r-patched-linux-x86_64 2.1-1 63.57 371.04 434.61 OK
r-release-linux-x86_64 2.1-1 59.09 368.42 427.51 OK
r-release-macos-arm64 2.1-1 127.00 OK
r-release-macos-x86_64 2.1-1 229.00 OK
r-release-windows-x86_64 2.1-1 52.00 275.00 327.00 OK
r-oldrel-macos-arm64 2.1-1 125.00 OK
r-oldrel-macos-x86_64 2.1-1 271.00 OK
r-oldrel-windows-x86_64 2.1-1 63.00 348.00 411.00 OK

Check Details

Version: 2.1-1
Check: package dependencies
Result: ERROR Package required but not available: ‘phangorn’ Packages suggested but not available for checking: 'animation', 'geiger' See section ‘The DESCRIPTION file’ in the ‘Writing R Extensions’ manual. Flavor: r-devel-linux-x86_64-debian-gcc