CRAN Package Check Results for Package phytotools

Last updated on 2021-12-08 00:49:27 CET.

Flavor Version Tinstall Tcheck Ttotal Status Flags
r-devel-linux-x86_64-debian-clang 1.0 3.47 48.54 52.01 NOTE
r-devel-linux-x86_64-debian-gcc 1.0 2.73 38.35 41.08 NOTE
r-devel-linux-x86_64-fedora-clang 1.0 65.69 NOTE
r-devel-linux-x86_64-fedora-gcc 1.0 54.09 NOTE
r-devel-windows-x86_64-new-UL 1.0 9.00 79.00 88.00 NOTE
r-devel-windows-x86_64-new-TK 1.0 NOTE
r-devel-windows-x86_64-old 1.0 10.00 50.00 60.00 NOTE
r-patched-linux-x86_64 1.0 3.69 47.59 51.28 NOTE
r-release-linux-x86_64 1.0 3.62 47.34 50.96 NOTE
r-release-macos-arm64 1.0 NOTE
r-release-macos-x86_64 1.0 NOTE
r-release-windows-ix86+x86_64 1.0 7.00 67.00 74.00 NOTE
r-oldrel-macos-x86_64 1.0 NOTE
r-oldrel-windows-ix86+x86_64 1.0 9.00 68.00 77.00 NOTE

Check Details

Version: 1.0
Check: R code for possible problems
Result: NOTE
    incident: no visible global function definition for 'splinefun'
    incident: no visible global function definition for 'integrate'
    phytoprod: no visible global function definition for 'approx'
    phytoprod: no visible global function definition for 'splinefun'
    phytoprod: no visible global function definition for 'integrate'
    reflectance: no visible global function definition for 'approx'
    Undefined global functions or variables:
     approx integrate splinefun
    Consider adding
     importFrom("stats", "approx", "integrate", "splinefun")
    to your NAMESPACE file.
Flavors: r-devel-linux-x86_64-debian-clang, r-devel-linux-x86_64-debian-gcc, r-devel-linux-x86_64-fedora-clang, r-devel-linux-x86_64-fedora-gcc, r-devel-windows-x86_64-new-UL, r-devel-windows-x86_64-new-TK, r-devel-windows-x86_64-old, r-patched-linux-x86_64, r-release-linux-x86_64, r-release-macos-arm64, r-release-macos-x86_64, r-release-windows-ix86+x86_64, r-oldrel-macos-x86_64, r-oldrel-windows-ix86+x86_64