Last updated on 2023-10-04 00:58:32 CEST.
Flavor | Version | Tinstall | Tcheck | Ttotal | Status | Flags |
---|---|---|---|---|---|---|
r-devel-linux-x86_64-debian-clang | 0.1.4 | 2.47 | 28.86 | 31.33 | NOTE | |
r-devel-linux-x86_64-debian-gcc | 0.1.4 | 1.88 | 22.75 | 24.63 | NOTE | |
r-devel-linux-x86_64-fedora-clang | 0.1.4 | 39.48 | NOTE | |||
r-devel-linux-x86_64-fedora-gcc | 0.1.4 | 50.10 | NOTE | |||
r-devel-windows-x86_64 | 0.1.4 | 3.00 | 52.00 | 55.00 | NOTE | |
r-patched-linux-x86_64 | 0.1.4 | 2.80 | 28.07 | 30.87 | OK | |
r-release-linux-x86_64 | 0.1.4 | 2.30 | 28.17 | 30.47 | OK | |
r-release-macos-arm64 | 0.1.4 | 25.00 | OK | |||
r-release-macos-x86_64 | 0.1.4 | 36.00 | OK | |||
r-release-windows-x86_64 | 0.1.4 | 5.00 | 51.00 | 56.00 | OK | |
r-oldrel-macos-arm64 | 0.1.4 | 21.00 | OK | |||
r-oldrel-macos-x86_64 | 0.1.4 | 24.00 | OK | |||
r-oldrel-windows-x86_64 | 0.1.4 | 4.00 | 48.00 | 52.00 | OK |
Version: 0.1.4
Check: Rd \usage sections
Result: NOTE
Documented arguments not in \usage in documentation object 'make_pgk_cache_subdir_for_all_relative_files':
‘relative_filenames’
Functions with \usage entries need to have the appropriate \alias
entries, and all their arguments documented.
The \usage entries must correspond to syntactically valid R code.
See chapter ‘Writing R documentation files’ in the ‘Writing R
Extensions’ manual.
Flavors: r-devel-linux-x86_64-debian-clang, r-devel-linux-x86_64-debian-gcc, r-devel-linux-x86_64-fedora-clang, r-devel-linux-x86_64-fedora-gcc, r-devel-windows-x86_64