CRAN Package Check Results for Package pkgfilecache

Last updated on 2024-07-18 00:55:02 CEST.

Flavor Version Tinstall Tcheck Ttotal Status Flags
r-devel-linux-x86_64-debian-clang 0.1.5 1.99 31.11 33.10 OK
r-devel-linux-x86_64-debian-gcc 0.1.5 1.78 24.06 25.84 OK
r-devel-linux-x86_64-fedora-clang 0.1.5 43.87 NOTE
r-devel-linux-x86_64-fedora-gcc 0.1.5 54.67 NOTE
r-devel-windows-x86_64 0.1.5 4.00 54.00 58.00 OK
r-patched-linux-x86_64 0.1.5 2.10 29.38 31.48 OK
r-release-linux-x86_64 0.1.5 2.27 29.93 32.20 OK
r-release-macos-arm64 0.1.5 25.00 OK
r-release-macos-x86_64 0.1.5 35.00 OK
r-release-windows-x86_64 0.1.5 3.00 54.00 57.00 OK
r-oldrel-macos-arm64 0.1.5 28.00 OK
r-oldrel-macos-x86_64 0.1.5 56.00 OK
r-oldrel-windows-x86_64 0.1.5 4.00 52.00 56.00 OK

Check Details

Version: 0.1.5
Check: dependencies in R code
Result: NOTE Namespace in Imports field not imported from: ‘curl’ All declared Imports should be used. Flavors: r-devel-linux-x86_64-fedora-clang, r-devel-linux-x86_64-fedora-gcc