Last updated on 2023-05-30 00:59:52 CEST.
Flavor | Version | Tinstall | Tcheck | Ttotal | Status | Flags |
---|---|---|---|---|---|---|
r-devel-linux-x86_64-debian-clang | 0.32.10 | 11.93 | 75.35 | 87.28 | OK | |
r-devel-linux-x86_64-debian-gcc | 0.32.10 | 8.53 | 56.47 | 65.00 | OK | |
r-devel-linux-x86_64-fedora-clang | 0.32.10 | 106.10 | OK | |||
r-devel-linux-x86_64-fedora-gcc | 0.32.10 | 101.18 | OK | |||
r-devel-windows-x86_64 | 0.32.10 | 13.00 | 89.00 | 102.00 | OK | |
r-patched-linux-x86_64 | 0.32.10 | 12.33 | 71.08 | 83.41 | OK | |
r-release-linux-x86_64 | 0.32.10 | 9.78 | 72.01 | 81.79 | OK | |
r-release-macos-arm64 | 0.32.10 | 34.00 | OK | |||
r-release-macos-x86_64 | 0.32.8 | 131.00 | WARN | |||
r-release-windows-x86_64 | 0.32.10 | 13.00 | 103.00 | 116.00 | OK | |
r-oldrel-macos-arm64 | 0.32.10 | 49.00 | OK | |||
r-oldrel-macos-x86_64 | 0.32.10 | 48.00 | OK | |||
r-oldrel-windows-x86_64 | 0.32.10 | 14.00 | 91.00 | 105.00 | OK |
Version: 0.32.8
Check: dependencies in R code
Result: NOTE
Warning: replacing previous import ‘utils::findMatches’ by ‘S4Vectors::findMatches’ when loading ‘AnnotationDbi’
Flavor: r-release-macos-x86_64
Version: 0.32.8
Check: S3 generic/method consistency
Result: WARN
Warning: replacing previous import ‘utils::findMatches’ by ‘S4Vectors::findMatches’ when loading ‘AnnotationDbi’
See section ‘Generic functions and methods’ in the ‘Writing R
Extensions’ manual.
Flavor: r-release-macos-x86_64
Version: 0.32.8
Check: foreign function calls
Result: NOTE
Warning: replacing previous import ‘utils::findMatches’ by ‘S4Vectors::findMatches’ when loading ‘AnnotationDbi’
See chapter ‘System and foreign language interfaces’ in the ‘Writing R
Extensions’ manual.
Flavor: r-release-macos-x86_64
Version: 0.32.8
Check: R code for possible problems
Result: NOTE
Warning: replacing previous import ‘utils::findMatches’ by ‘S4Vectors::findMatches’ when loading ‘AnnotationDbi’
Flavor: r-release-macos-x86_64
Version: 0.32.8
Check: for code/documentation mismatches
Result: WARN
Warning: replacing previous import ‘utils::findMatches’ by ‘S4Vectors::findMatches’ when loading ‘AnnotationDbi’
Flavor: r-release-macos-x86_64
Version: 0.32.8
Check: Rd \usage sections
Result: NOTE
Warning: replacing previous import ‘utils::findMatches’ by ‘S4Vectors::findMatches’ when loading ‘AnnotationDbi’
The \usage entries for S3 methods should use the \method markup and not
their full name.
See chapter ‘Writing R documentation files’ in the ‘Writing R
Extensions’ manual.
Flavor: r-release-macos-x86_64