CRAN Package Check Results for Package pkgmaker

Last updated on 2024-06-14 00:53:53 CEST.

Flavor Version Tinstall Tcheck Ttotal Status Flags
r-devel-linux-x86_64-debian-clang 0.32.10 11.27 77.51 88.78 NOTE
r-devel-linux-x86_64-debian-gcc 0.32.10 0.50 1.73 2.23 ERROR
r-devel-linux-x86_64-fedora-clang 0.32.10 109.77 NOTE
r-devel-linux-x86_64-fedora-gcc 0.32.10 103.68 NOTE
r-devel-windows-x86_64 0.32.10 11.00 90.00 101.00 NOTE
r-patched-linux-x86_64 0.32.10 10.82 72.92 83.74 NOTE
r-release-linux-x86_64 0.32.10 10.63 72.49 83.12 NOTE
r-release-macos-arm64 0.32.10 34.00 NOTE
r-release-macos-x86_64 0.32.10 56.00 NOTE
r-release-windows-x86_64 0.32.10 9.00 93.00 102.00 NOTE
r-oldrel-macos-arm64 0.32.10 34.00 OK
r-oldrel-macos-x86_64 0.32.10 99.00 OK
r-oldrel-windows-x86_64 0.32.10 14.00 100.00 114.00 OK

Additional issues

noSuggests

Check Details

Version: 0.32.10
Check: Rd files
Result: NOTE checkRd: (-1) write.pkgbib.Rd:44: Lost braces; missing escapes or markup? 44 | The Old version of this function {write.bib} has now been integrated | ^ Flavors: r-devel-linux-x86_64-debian-clang, r-devel-linux-x86_64-fedora-clang, r-devel-linux-x86_64-fedora-gcc, r-devel-windows-x86_64, r-patched-linux-x86_64, r-release-linux-x86_64, r-release-macos-arm64, r-release-macos-x86_64, r-release-windows-x86_64

Version: 0.32.10
Check: HTML version of manual
Result: NOTE Found the following HTML validation problems: options.html:83:1 (options.Rd:36): Warning: trimming empty <dt> Flavors: r-devel-linux-x86_64-debian-clang, r-devel-linux-x86_64-fedora-clang, r-devel-linux-x86_64-fedora-gcc, r-devel-windows-x86_64, r-patched-linux-x86_64, r-release-linux-x86_64, r-release-windows-x86_64

Version: 0.32.10
Check: package dependencies
Result: ERROR Package required but not available: ‘stringr’ Packages suggested but not available for checking: 'devtools', 'roxygen2', 'testthat' See section ‘The DESCRIPTION file’ in the ‘Writing R Extensions’ manual. Flavor: r-devel-linux-x86_64-debian-gcc