CRAN Package Check Results for Package planar

Last updated on 2021-10-22 00:50:35 CEST.

Flavor Version Tinstall Tcheck Ttotal Status Flags
r-devel-linux-x86_64-debian-clang 1.6 101.32 77.58 178.90 OK
r-devel-linux-x86_64-debian-gcc 1.6 84.62 57.03 141.65 OK
r-devel-linux-x86_64-fedora-clang 1.6 280.85 NOTE
r-devel-linux-x86_64-fedora-gcc 1.6 252.46 NOTE
r-devel-windows-x86_64 1.6 145.00 117.00 262.00 OK
r-devel-windows-x86_64-gcc10-UCRT 1.6 OK
r-patched-linux-x86_64 1.6 104.57 62.36 166.93 OK
r-patched-solaris-x86 1.6 248.30 OK
r-release-linux-x86_64 1.6 96.89 62.51 159.40 OK
r-release-macos-arm64 1.6 NOTE
r-release-macos-x86_64 1.6 NOTE
r-release-windows-ix86+x86_64 1.6 276.00 119.00 395.00 OK
r-oldrel-macos-x86_64 1.6 NOTE
r-oldrel-windows-ix86+x86_64 1.6 275.00 124.00 399.00 OK

Check Details

Version: 1.6
Check: compiled code
Result: NOTE
    File ‘planar/libs/planar.so’:
     Found no calls to: ‘R_registerRoutines’, ‘R_useDynamicSymbols’
    
    It is good practice to register native routines and to disable symbol
    search.
    
    See ‘Writing portable packages’ in the ‘Writing R Extensions’ manual.
Flavors: r-devel-linux-x86_64-fedora-clang, r-devel-linux-x86_64-fedora-gcc

Version: 1.6
Check: installed package size
Result: NOTE
     installed size is 6.9Mb
     sub-directories of 1Mb or more:
     libs 6.3Mb
Flavors: r-release-macos-arm64, r-release-macos-x86_64, r-oldrel-macos-x86_64