CRAN Package Check Results for Package plogr

Last updated on 2024-06-14 00:53:53 CEST.

Flavor Version Tinstall Tcheck Ttotal Status Flags
r-devel-linux-x86_64-debian-clang 0.2.0 1.60 32.52 34.12 NOTE
r-devel-linux-x86_64-debian-gcc 0.2.0 1.34 23.07 24.41 NOTE
r-devel-linux-x86_64-fedora-clang 0.2.0 44.59 NOTE
r-devel-linux-x86_64-fedora-gcc 0.2.0 41.10 NOTE
r-devel-windows-x86_64 0.2.0 3.00 52.00 55.00 NOTE
r-patched-linux-x86_64 0.2.0 1.83 29.17 31.00 NOTE
r-release-linux-x86_64 0.2.0 1.52 29.06 30.58 NOTE
r-release-macos-arm64 0.2.0 17.00 NOTE
r-release-macos-x86_64 0.2.0 35.00 NOTE
r-release-windows-x86_64 0.2.0 4.00 51.00 55.00 NOTE
r-oldrel-macos-arm64 0.2.0 21.00 NOTE
r-oldrel-macos-x86_64 0.2.0 25.00 NOTE
r-oldrel-windows-x86_64 0.2.0 3.00 50.00 53.00 NOTE

Check Details

Version: 0.2.0
Check: LazyData
Result: NOTE 'LazyData' is specified without a 'data' directory Flavors: r-devel-linux-x86_64-debian-clang, r-devel-linux-x86_64-debian-gcc, r-devel-linux-x86_64-fedora-clang, r-devel-linux-x86_64-fedora-gcc, r-devel-windows-x86_64, r-patched-linux-x86_64, r-release-linux-x86_64, r-release-macos-arm64, r-release-macos-x86_64, r-release-windows-x86_64, r-oldrel-macos-arm64, r-oldrel-macos-x86_64, r-oldrel-windows-x86_64