Last updated on 2023-03-22 00:52:28 CET.
Flavor | Version | Tinstall | Tcheck | Ttotal | Status | Flags |
---|---|---|---|---|---|---|
r-devel-linux-x86_64-debian-clang | 1.6.2 | 3.75 | 50.68 | 54.43 | OK | |
r-devel-linux-x86_64-debian-gcc | 1.6.2 | 2.64 | 38.09 | 40.73 | OK | |
r-devel-linux-x86_64-fedora-clang | 1.6.2 | 68.80 | NOTE | |||
r-devel-linux-x86_64-fedora-gcc | 1.6.2 | 74.57 | OK | |||
r-patched-linux-x86_64 | 1.6.2 | 3.71 | 48.18 | 51.89 | OK | |
r-release-linux-x86_64 | 1.6.2 | 2.98 | 47.47 | 50.45 | OK | |
r-release-macos-arm64 | 1.6.2 | 30.00 | OK | |||
r-release-macos-x86_64 | 1.6.2 | 43.00 | OK | |||
r-release-windows-x86_64 | 1.6.2 | 28.00 | 84.00 | 112.00 | OK | |
r-oldrel-macos-arm64 | 1.6.2 | 32.00 | OK | |||
r-oldrel-macos-x86_64 | 1.6.2 | 38.00 | OK | |||
r-oldrel-windows-ix86+x86_64 | 1.6.2 | 7.00 | 75.00 | 82.00 | OK |
Version: 1.6.2
Check: Rd cross-references
Result: NOTE
Undeclared package ‘exams’ in Rd xrefs
Flavor: r-devel-linux-x86_64-fedora-clang