CRAN Package Check Results for Package plsVarSel

Last updated on 2021-10-26 01:00:01 CEST.

Flavor Version Tinstall Tcheck Ttotal Status Flags
r-devel-linux-x86_64-debian-clang 0.9.6 9.27 75.29 84.56 OK
r-devel-linux-x86_64-debian-gcc 0.9.6 7.13 56.41 63.54 OK
r-devel-linux-x86_64-fedora-clang 0.9.6 113.15 OK
r-devel-linux-x86_64-fedora-gcc 0.9.6 104.38 OK
r-devel-windows-x86_64 0.9.6 16.00 76.00 92.00 OK
r-devel-windows-x86_64-gcc10-UCRT 0.9.6 OK
r-patched-linux-x86_64 0.9.6 11.24 72.27 83.51 OK
r-patched-solaris-x86 0.9.6 126.40 OK
r-release-linux-x86_64 0.9.6 8.51 72.85 81.36 OK
r-release-macos-arm64 0.9.6 NOTE
r-release-macos-x86_64 0.9.6 NOTE
r-release-windows-ix86+x86_64 0.9.6 14.00 96.00 110.00 OK
r-oldrel-macos-x86_64 0.9.6 NOTE
r-oldrel-windows-ix86+x86_64 0.9.6 19.00 102.00 121.00 OK

Check Details

Version: 0.9.6
Check: package dependencies
Result: NOTE
    Package suggested but not available for checking: ‘Rmpi’
Flavors: r-release-macos-arm64, r-release-macos-x86_64, r-oldrel-macos-x86_64