CRAN Package Check Results for Package plumber

Last updated on 2024-06-14 00:53:53 CEST.

Flavor Version Tinstall Tcheck Ttotal Status Flags
r-devel-linux-x86_64-debian-clang 1.2.2 14.37 103.93 118.30 OK
r-devel-linux-x86_64-debian-gcc 1.2.2 11.24 48.52 59.76 ERROR
r-devel-linux-x86_64-fedora-clang 1.2.2 143.06 OK
r-devel-linux-x86_64-fedora-gcc 1.2.2 182.02 OK
r-devel-windows-x86_64 1.2.2 13.00 103.00 116.00 OK
r-patched-linux-x86_64 1.2.2 19.46 102.79 122.25 OK
r-release-linux-x86_64 1.2.2 18.00 100.71 118.71 OK
r-release-macos-arm64 1.2.2 60.00 OK
r-release-macos-x86_64 1.2.2 112.00 NOTE
r-release-windows-x86_64 1.2.2 13.00 104.00 117.00 OK
r-oldrel-macos-arm64 1.2.2 68.00 OK
r-oldrel-macos-x86_64 1.2.2 159.00 OK
r-oldrel-windows-x86_64 1.2.2 17.00 117.00 134.00 OK

Check Details

Version: 1.2.2
Check: package dependencies
Result: NOTE Packages suggested but not available for checking: 'testthat', 'readr', 'arrow', 'mockery' Flavor: r-devel-linux-x86_64-debian-gcc

Version: 1.2.2
Check: tests
Result: ERROR Running ‘spelling.R’ [0s/1s] Running ‘testthat.R’ [0s/0s] Running the tests in ‘tests/testthat.R’ failed. Complete output: > library(testthat) Error in library(testthat) : there is no package called 'testthat' Execution halted Flavor: r-devel-linux-x86_64-debian-gcc

Version: 1.2.2
Check: package dependencies
Result: NOTE Package suggested but not available for checking: ‘arrow’ Flavor: r-release-macos-x86_64

Version: 1.2.2
Check: Rd cross-references
Result: NOTE Package unavailable to check Rd xrefs: ‘arrow’ Flavor: r-release-macos-x86_64