Last updated on 2023-06-10 00:54:53 CEST.
Flavor | Version | Tinstall | Tcheck | Ttotal | Status | Flags |
---|---|---|---|---|---|---|
r-devel-linux-x86_64-debian-clang | 1.2.1 | 16.41 | 97.64 | 114.05 | OK | |
r-devel-linux-x86_64-debian-gcc | 1.2.1 | 12.45 | 74.45 | 86.90 | OK | |
r-devel-linux-x86_64-fedora-clang | 1.2.1 | 141.23 | OK | |||
r-devel-linux-x86_64-fedora-gcc | 1.2.1 | 174.79 | OK | |||
r-devel-windows-x86_64 | 1.2.1 | 14.00 | 98.00 | 112.00 | NOTE | |
r-patched-linux-x86_64 | 1.2.1 | 18.90 | 96.63 | 115.53 | OK | |
r-release-linux-x86_64 | 1.2.1 | 12.05 | 95.51 | 107.56 | OK | |
r-release-macos-arm64 | 1.2.1 | 61.00 | OK | |||
r-release-macos-x86_64 | 1.2.1 | 108.00 | OK | |||
r-release-windows-x86_64 | 1.2.1 | 17.00 | 116.00 | 133.00 | NOTE | |
r-oldrel-macos-arm64 | 1.2.1 | 75.00 | OK | |||
r-oldrel-macos-x86_64 | 1.2.1 | 118.00 | OK | |||
r-oldrel-windows-x86_64 | 1.2.1 | 16.00 | 108.00 | 124.00 | NOTE |
Version: 1.2.1
Check: dependencies in R code
Result: NOTE
#STDOFF 2:05:08.9
#STDOFF 8:05:43.2
#STDOFF 7:36:41.7
#STDOFF -0:25:21.1
#STDOFF 1:39:49.2
#STDOFF -0:36:44.68
#STDOFF -4:56:01.6
#STDOFF -3:58:29.2
#STDOFF -4:19:18.3
#STDOFF -5:36:13.3
#STDOFF -4:56:16.4
#STDOFF 2:05:08.9
#STDOFF 8:05:43.2
#STDOFF 7:36:41.7
#STDOFF -0:25:21.1
#STDOFF 1:39:49.2
#STDOFF -0:36:44.68
#STDOFF -4:56:01.6
#STDOFF -3:58:29.2
#STDOFF -4:19:18.3
#STDOFF -5:36:13.3
#STDOFF -4:56:16.4
Flavors: r-devel-windows-x86_64, r-release-windows-x86_64, r-oldrel-windows-x86_64