Last updated on 2023-05-29 00:59:41 CEST.
Flavor | Version | Tinstall | Tcheck | Ttotal | Status | Flags |
---|---|---|---|---|---|---|
r-devel-linux-x86_64-debian-clang | 0.1.0 | 4.18 | 48.85 | 53.03 | OK | |
r-devel-linux-x86_64-debian-gcc | 0.1.0 | 3.66 | 38.03 | 41.69 | OK | |
r-devel-linux-x86_64-fedora-clang | 0.1.0 | 65.78 | NOTE | |||
r-devel-linux-x86_64-fedora-gcc | 0.1.0 | 73.90 | NOTE | |||
r-devel-windows-x86_64 | 0.1.0 | 6.00 | 62.00 | 68.00 | OK | |
r-patched-linux-x86_64 | 0.1.0 | 4.23 | 47.08 | 51.31 | OK | |
r-release-linux-x86_64 | 0.1.0 | 3.84 | 46.85 | 50.69 | OK | |
r-release-macos-arm64 | 0.1.0 | 36.00 | OK | |||
r-release-macos-x86_64 | 0.1.0 | 50.00 | OK | |||
r-release-windows-x86_64 | 0.1.0 | 7.00 | 69.00 | 76.00 | OK | |
r-oldrel-macos-arm64 | 0.1.0 | 28.00 | NOTE | |||
r-oldrel-macos-x86_64 | 0.1.0 | 38.00 | NOTE | |||
r-oldrel-windows-x86_64 | 0.1.0 | 7.00 | 69.00 | 76.00 | OK |
Version: 0.1.0
Check: dependencies in R code
Result: NOTE
Namespace in Imports field not imported from: ‘glue’
All declared Imports should be used.
Flavors: r-devel-linux-x86_64-fedora-clang, r-devel-linux-x86_64-fedora-gcc, r-oldrel-macos-arm64, r-oldrel-macos-x86_64