CRAN Package Check Results for Package plusser

Last updated on 2021-10-16 00:49:25 CEST.

Flavor Version Tinstall Tcheck Ttotal Status Flags
r-devel-linux-x86_64-debian-clang 0.4-0 4.76 38.65 43.41 NOTE
r-devel-linux-x86_64-debian-gcc 0.4-0 3.87 30.49 34.36 NOTE
r-devel-linux-x86_64-fedora-clang 0.4-0 62.05 NOTE
r-devel-linux-x86_64-fedora-gcc 0.4-0 51.74 NOTE
r-devel-windows-x86_64 0.4-0 6.00 45.00 51.00 NOTE
r-devel-windows-x86_64-gcc10-UCRT 0.4-0 NOTE
r-patched-linux-x86_64 0.4-0 4.47 37.95 42.42 NOTE
r-patched-solaris-x86 0.4-0 77.10 NOTE
r-release-linux-x86_64 0.4-0 4.79 38.08 42.87 NOTE
r-release-macos-arm64 0.4-0 NOTE
r-release-macos-x86_64 0.4-0 NOTE
r-release-windows-ix86+x86_64 0.4-0 11.00 59.00 70.00 NOTE
r-oldrel-macos-x86_64 0.4-0 OK
r-oldrel-windows-ix86+x86_64 0.4-0 10.00 61.00 71.00 OK

Check Details

Version: 0.4-0
Check: LazyData
Result: NOTE
     'LazyData' is specified without a 'data' directory
Flavors: r-devel-linux-x86_64-debian-clang, r-devel-linux-x86_64-debian-gcc, r-devel-linux-x86_64-fedora-clang, r-devel-linux-x86_64-fedora-gcc, r-devel-windows-x86_64, r-devel-windows-x86_64-gcc10-UCRT, r-patched-linux-x86_64, r-patched-solaris-x86, r-release-linux-x86_64, r-release-macos-arm64, r-release-macos-x86_64, r-release-windows-ix86+x86_64