CRAN Package Check Results for Package pmparser

Last updated on 2024-06-13 00:55:26 CEST.

Flavor Version Tinstall Tcheck Ttotal Status Flags
r-devel-linux-x86_64-debian-clang 1.0.20 5.66 67.09 72.75 OK
r-devel-linux-x86_64-debian-gcc 1.0.20 4.53 35.79 40.32 ERROR
r-devel-linux-x86_64-fedora-clang 1.0.20 93.33 OK
r-devel-linux-x86_64-fedora-gcc 1.0.20 96.60 OK
r-devel-windows-x86_64 1.0.20 6.00 81.00 87.00 OK
r-patched-linux-x86_64 1.0.20 5.59 65.26 70.85 OK
r-release-linux-x86_64 1.0.20 6.05 64.41 70.46 OK
r-release-macos-arm64 1.0.20 54.00 OK
r-release-macos-x86_64 1.0.20 77.00 OK
r-release-windows-x86_64 1.0.20 6.00 81.00 87.00 OK
r-oldrel-macos-arm64 1.0.20 64.00 OK
r-oldrel-macos-x86_64 1.0.20 89.00 OK
r-oldrel-windows-x86_64 1.0.20 7.00 88.00 95.00 OK

Check Details

Version: 1.0.20
Check: package dependencies
Result: NOTE Packages suggested but not available for checking: 'bigrquery', 'RMariaDB', 'RPostgres', 'RSQLite', 'testthat' Flavor: r-devel-linux-x86_64-debian-gcc

Version: 1.0.20
Check: tests
Result: ERROR Running ‘testthat.R’ [0s/0s] Running the tests in ‘tests/testthat.R’ failed. Complete output: > library(testthat) Error in library(testthat) : there is no package called 'testthat' Execution halted Flavor: r-devel-linux-x86_64-debian-gcc