CRAN Package Check Results for Package png

Last updated on 2021-09-23 00:48:56 CEST.

Flavor Version Tinstall Tcheck Ttotal Status Flags
r-devel-linux-x86_64-debian-clang 0.1-7 2.89 20.16 23.05 OK
r-devel-linux-x86_64-debian-gcc 0.1-7 2.01 16.12 18.13 OK
r-devel-linux-x86_64-fedora-clang 0.1-7 37.94 NOTE
r-devel-linux-x86_64-fedora-gcc 0.1-7 27.12 NOTE
r-devel-windows-x86_64 0.1-7 6.00 27.00 33.00 OK
r-devel-windows-x86_64-gcc10-UCRT 0.1-7 ERROR
r-patched-linux-x86_64 0.1-7 2.75 19.85 22.60 OK
r-patched-solaris-x86 0.1-7 42.30 OK
r-release-linux-x86_64 0.1-7 2.31 19.89 22.20 OK
r-release-macos-arm64 0.1-7 OK
r-release-macos-x86_64 0.1-7 OK
r-release-windows-ix86+x86_64 0.1-7 11.00 33.00 44.00 OK
r-oldrel-macos-x86_64 0.1-7 OK
r-oldrel-windows-ix86+x86_64 0.1-7 11.00 30.00 41.00 OK

Additional issues

rchk

Check Details

Version: 0.1-7
Check: compiled code
Result: NOTE
    File ‘png/libs/png.so’:
     Found no calls to: ‘R_registerRoutines’, ‘R_useDynamicSymbols’
    
    It is good practice to register native routines and to disable symbol
    search.
    
    See ‘Writing portable packages’ in the ‘Writing R Extensions’ manual.
Flavors: r-devel-linux-x86_64-fedora-clang, r-devel-linux-x86_64-fedora-gcc

Version: 0.1-7
Check: whether package can be installed
Result: ERROR
    Installation failed.
Flavor: r-devel-windows-x86_64-gcc10-UCRT