CRAN Package Check Results for Package polyapost

Last updated on 2021-10-20 00:49:49 CEST.

Flavor Version Tinstall Tcheck Ttotal Status Flags
r-devel-linux-x86_64-debian-clang 1.7 3.93 39.80 43.73 OK
r-devel-linux-x86_64-debian-gcc 1.7 3.41 30.95 34.36 OK
r-devel-linux-x86_64-fedora-clang 1.7 66.22 OK
r-devel-linux-x86_64-fedora-gcc 1.7 56.49 OK
r-devel-windows-x86_64 1.7 8.00 57.00 65.00 OK
r-devel-windows-x86_64-gcc10-UCRT 1.7 OK
r-patched-linux-x86_64 1.7 5.04 38.34 43.38 NOTE
r-patched-solaris-x86 1.7 94.50 OK
r-release-linux-x86_64 1.7 3.54 39.33 42.87 NOTE
r-release-macos-arm64 1.6 OK
r-release-macos-x86_64 1.7 OK
r-release-windows-ix86+x86_64 1.7 11.00 73.00 84.00 OK
r-oldrel-macos-x86_64 1.7 OK
r-oldrel-windows-ix86+x86_64 1.7 10.00 50.00 60.00 OK

Check Details

Version: 1.7
Check: DESCRIPTION meta-information
Result: NOTE
    Dependence on R version ‘3.6.2’ not with patchlevel 0
Flavors: r-patched-linux-x86_64, r-release-linux-x86_64