Last updated on 2023-11-29 00:50:28 CET.
Flavor | Version | Tinstall | Tcheck | Ttotal | Status | Flags |
---|---|---|---|---|---|---|
r-devel-linux-x86_64-debian-clang | 1.1.4 | 436.62 | 1336.05 | 1772.67 | OK | |
r-devel-linux-x86_64-debian-gcc | 1.1.4 | 371.95 | 914.70 | 1286.65 | OK | |
r-devel-linux-x86_64-fedora-clang | 1.1.4 | 2594.40 | NOTE | |||
r-devel-linux-x86_64-fedora-gcc | 1.1.4 | 2475.66 | OK | |||
r-devel-windows-x86_64 | 1.1.4 | 374.00 | 594.00 | 968.00 | NOTE | |
r-patched-linux-x86_64 | 1.1.4 | 472.74 | 1256.57 | 1729.31 | OK | |
r-release-linux-x86_64 | 1.1.4 | 424.38 | 1263.67 | 1688.05 | OK | |
r-release-macos-arm64 | 1.1.4 | 317.00 | NOTE | |||
r-release-macos-x86_64 | 1.1.4 | 547.00 | NOTE | |||
r-release-windows-x86_64 | 1.1.4 | 422.00 | 840.00 | 1262.00 | NOTE | |
r-oldrel-macos-arm64 | 1.1.4 | 347.00 | NOTE | |||
r-oldrel-macos-x86_64 | 1.1.3 | 568.00 | NOTE | |||
r-oldrel-windows-x86_64 | 1.1.4 | 446.00 | 815.00 | 1261.00 | NOTE |
Version: 1.1.4
Check: installed package size
Result: NOTE
installed size is 11.8Mb
sub-directories of 1Mb or more:
R 6.3Mb
data 4.3Mb
Flavors: r-devel-linux-x86_64-fedora-clang, r-devel-windows-x86_64, r-release-macos-arm64, r-release-macos-x86_64, r-release-windows-x86_64, r-oldrel-macos-arm64, r-oldrel-windows-x86_64
Version: 1.1.3
Check: installed package size
Result: NOTE
installed size is 12.1Mb
sub-directories of 1Mb or more:
R 6.5Mb
data 4.6Mb
Flavor: r-oldrel-macos-x86_64