CRAN Package Check Results for Package polymapR

Last updated on 2021-10-25 00:49:21 CEST.

Flavor Version Tinstall Tcheck Ttotal Status Flags
r-devel-linux-x86_64-debian-clang 1.1.2 515.70 1221.79 1737.49 OK
r-devel-linux-x86_64-debian-gcc 1.1.2 333.54 838.84 1172.38 OK
r-devel-linux-x86_64-fedora-clang 1.1.2 2345.01 NOTE
r-devel-linux-x86_64-fedora-gcc 1.1.2 2436.71 OK
r-devel-windows-x86_64 1.1.2 747.00 1064.00 1811.00 NOTE
r-devel-windows-x86_64-gcc10-UCRT 1.1.2 OK
r-patched-linux-x86_64 1.1.2 409.40 1177.94 1587.34 OK
r-patched-solaris-x86 1.1.2 2292.90 NOTE
r-release-linux-x86_64 1.1.2 471.19 1161.26 1632.45 OK
r-release-macos-arm64 1.1.2 NOTE
r-release-macos-x86_64 1.1.2 NOTE
r-release-windows-ix86+x86_64 1.1.2 680.00 910.00 1590.00 NOTE
r-oldrel-macos-x86_64 1.1.2 NOTE
r-oldrel-windows-ix86+x86_64 1.1.2 753.00 1017.00 1770.00 NOTE

Check Details

Version: 1.1.2
Check: installed package size
Result: NOTE
     installed size is 12.1Mb
     sub-directories of 1Mb or more:
     R 6.5Mb
     data 4.6Mb
Flavors: r-devel-linux-x86_64-fedora-clang, r-devel-windows-x86_64, r-patched-solaris-x86, r-release-macos-arm64, r-release-macos-x86_64, r-release-windows-ix86+x86_64, r-oldrel-macos-x86_64, r-oldrel-windows-ix86+x86_64

Version: 1.1.2
Check: package dependencies
Result: NOTE
    Package suggested but not available for checking: ‘polyRAD’
Flavor: r-release-macos-arm64

Version: 1.1.2
Check: Rd cross-references
Result: NOTE
    Package unavailable to check Rd xrefs: ‘polyRAD’
Flavor: r-release-macos-arm64