CRAN Package Check Results for Package polynom

Last updated on 2021-12-01 00:51:00 CET.

Flavor Version Tinstall Tcheck Ttotal Status Flags
r-devel-linux-x86_64-debian-clang 1.4-0 2.70 32.11 34.81 NOTE
r-devel-linux-x86_64-debian-gcc 1.4-0 1.96 27.69 29.65 NOTE
r-devel-linux-x86_64-fedora-clang 1.4-0 54.63 OK
r-devel-linux-x86_64-fedora-gcc 1.4-0 43.93 OK
r-devel-windows-x86_64-new-UL 1.4-0 9.00 96.00 105.00 NOTE
r-devel-windows-x86_64-new-TK 1.4-0 OK
r-devel-windows-x86_64-old 1.4-0 6.00 47.00 53.00 NOTE
r-patched-linux-x86_64 1.4-0 3.10 31.06 34.16 NOTE
r-patched-solaris-x86 1.4-0 52.60 OK
r-release-linux-x86_64 1.4-0 2.77 31.27 34.04 NOTE
r-release-macos-arm64 1.4-0 OK
r-release-macos-x86_64 1.4-0 WARN
r-release-windows-ix86+x86_64 1.4-0 7.00 45.00 52.00 NOTE
r-oldrel-macos-x86_64 1.4-0 OK
r-oldrel-windows-ix86+x86_64 1.4-0 6.00 58.00 64.00 NOTE

Check Details

Version: 1.4-0
Check: package vignettes
Result: NOTE
    Package vignette with placeholder title 'Vignette Title':
     'polynomials.Rmd'
Flavors: r-devel-linux-x86_64-debian-clang, r-devel-linux-x86_64-debian-gcc, r-devel-windows-x86_64-new-UL, r-devel-windows-x86_64-old, r-patched-linux-x86_64, r-release-linux-x86_64, r-release-windows-ix86+x86_64, r-oldrel-windows-ix86+x86_64

Version: 1.4-0
Check: re-building of vignette outputs
Result: WARN
    Error(s) in re-building vignettes:
     ...
    --- re-building ‘polynomials.Rmd’ using rmarkdown
    Warning in engine$weave(file, quiet = quiet, encoding = enc) :
     Pandoc (>= 1.12.3) not available. Falling back to R Markdown v1.
    Error: processing vignette 'polynomials.Rmd' failed with diagnostics:
    there is no package called 'stringi'
    --- failed re-building ‘polynomials.Rmd’
    
    SUMMARY: processing the following file failed:
     ‘polynomials.Rmd’
    
    Error: Vignette re-building failed.
    Execution halted
Flavor: r-release-macos-x86_64