CRAN Package Check Results for Package pool

Last updated on 2021-10-17 00:48:46 CEST.

Flavor Version Tinstall Tcheck Ttotal Status Flags
r-devel-linux-x86_64-debian-clang 0.1.6 5.56 46.36 51.92 NOTE
r-devel-linux-x86_64-debian-gcc 0.1.6 5.30 35.73 41.03 NOTE
r-devel-linux-x86_64-fedora-clang 0.1.6 72.68 NOTE
r-devel-linux-x86_64-fedora-gcc 0.1.6 61.18 NOTE
r-devel-windows-x86_64 0.1.6 10.00 63.00 73.00 NOTE
r-devel-windows-x86_64-gcc10-UCRT 0.1.6 NOTE
r-patched-linux-x86_64 0.1.6 5.21 44.43 49.64 NOTE
r-patched-solaris-x86 0.1.6 90.20 NOTE
r-release-linux-x86_64 0.1.6 6.09 44.41 50.50 NOTE
r-release-macos-arm64 0.1.6 NOTE
r-release-macos-x86_64 0.1.6 NOTE
r-release-windows-ix86+x86_64 0.1.6 10.00 76.00 86.00 NOTE
r-oldrel-macos-x86_64 0.1.6 OK
r-oldrel-windows-ix86+x86_64 0.1.6 15.00 76.00 91.00 OK

Check Details

Version: 0.1.6
Check: LazyData
Result: NOTE
     'LazyData' is specified without a 'data' directory
Flavors: r-devel-linux-x86_64-debian-clang, r-devel-linux-x86_64-debian-gcc, r-devel-linux-x86_64-fedora-clang, r-devel-linux-x86_64-fedora-gcc, r-devel-windows-x86_64, r-devel-windows-x86_64-gcc10-UCRT, r-patched-linux-x86_64, r-patched-solaris-x86, r-release-linux-x86_64, r-release-macos-arm64, r-release-macos-x86_64, r-release-windows-ix86+x86_64