CRAN Package Check Results for Package popdemo

Last updated on 2021-10-25 00:49:21 CEST.

Flavor Version Tinstall Tcheck Ttotal Status Flags
r-devel-linux-x86_64-debian-clang 1.3-0 10.99 112.13 123.12 OK
r-devel-linux-x86_64-debian-gcc 1.3-0 10.00 85.04 95.04 OK
r-devel-linux-x86_64-fedora-clang 1.3-0 158.87 NOTE
r-devel-linux-x86_64-fedora-gcc 1.3-0 147.62 OK
r-devel-windows-x86_64 1.3-0 23.00 105.00 128.00 NOTE
r-devel-windows-x86_64-gcc10-UCRT 1.3-0 OK
r-patched-linux-x86_64 1.3-0 12.22 87.91 100.13 OK
r-patched-solaris-x86 1.3-0 172.80 NOTE
r-release-linux-x86_64 1.3-0 13.33 87.38 100.71 OK
r-release-macos-arm64 1.3-0 NOTE
r-release-macos-x86_64 1.3-0 NOTE
r-release-windows-ix86+x86_64 1.3-0 20.00 120.00 140.00 NOTE
r-oldrel-macos-x86_64 1.3-0 NOTE
r-oldrel-windows-ix86+x86_64 1.3-0 28.00 121.00 149.00 NOTE

Check Details

Version: 1.3-0
Check: installed package size
Result: NOTE
     installed size is 5.4Mb
     sub-directories of 1Mb or more:
     doc 4.9Mb
Flavors: r-devel-linux-x86_64-fedora-clang, r-devel-windows-x86_64, r-patched-solaris-x86, r-release-macos-arm64, r-release-macos-x86_64, r-release-windows-ix86+x86_64, r-oldrel-macos-x86_64, r-oldrel-windows-ix86+x86_64