CRAN Package Check Results for Package poppr

Last updated on 2021-10-22 00:50:36 CEST.

Flavor Version Tinstall Tcheck Ttotal Status Flags
r-devel-linux-x86_64-debian-clang 2.9.3 31.85 226.92 258.77 OK
r-devel-linux-x86_64-debian-gcc 2.9.3 25.83 169.01 194.84 OK
r-devel-linux-x86_64-fedora-clang 2.9.3 321.97 OK
r-devel-linux-x86_64-fedora-gcc 2.9.3 308.66 OK
r-devel-windows-x86_64 2.9.3 50.00 264.00 314.00 OK
r-devel-windows-x86_64-gcc10-UCRT 2.9.3 ERROR
r-patched-linux-x86_64 2.9.3 37.84 215.38 253.22 OK
r-patched-solaris-x86 2.9.3 445.10 OK
r-release-linux-x86_64 2.9.3 26.36 213.94 240.30 OK
r-release-macos-arm64 2.9.3 OK
r-release-macos-x86_64 2.9.3 OK
r-release-windows-ix86+x86_64 2.9.3 72.00 383.00 455.00 OK
r-oldrel-macos-x86_64 2.9.3 OK
r-oldrel-windows-ix86+x86_64 2.9.3 88.00 505.00 593.00 OK

Check Details

Version: 2.9.3
Check: package dependencies
Result: ERROR
    Packages required but not available: 'adegenet', 'igraph', 'pegas'
    
    See section 'The DESCRIPTION file' in the 'Writing R Extensions'
    manual.
Flavor: r-devel-windows-x86_64-gcc10-UCRT