CRAN Package Check Results for Package postGGIR

Last updated on 2021-09-17 00:49:45 CEST.

Flavor Version Tinstall Tcheck Ttotal Status Flags
r-devel-linux-x86_64-debian-clang 2.4.0 23.36 186.88 210.24 OK
r-devel-linux-x86_64-debian-gcc 2.4.0 20.35 139.66 160.01 OK
r-devel-linux-x86_64-fedora-clang 2.4.0 261.42 NOTE
r-devel-linux-x86_64-fedora-gcc 2.4.0 248.33 NOTE
r-devel-windows-x86_64 2.4.0 46.00 195.00 241.00 OK
r-devel-windows-x86_64-gcc10-UCRT 2.4.0 NOTE
r-patched-linux-x86_64 2.4.0 23.28 176.60 199.88 OK
r-patched-solaris-x86 2.4.0 332.10 NOTE
r-release-linux-x86_64 2.4.0 23.55 176.81 200.36 OK
r-release-macos-arm64 2.4.0 NOTE
r-release-macos-x86_64 2.4.0 NOTE
r-release-windows-ix86+x86_64 2.4.0 53.00 141.00 194.00 OK
r-oldrel-macos-x86_64 2.4.0 NOTE
r-oldrel-windows-ix86+x86_64 2.4.0 54.00 180.00 234.00 OK

Check Details

Version: 2.4.0
Check: dependencies in R code
Result: NOTE
    Namespaces in Imports field not imported from:
     ‘ActCR’ ‘ActFrag’ ‘tidyr’
     All declared Imports should be used.
Flavors: r-devel-linux-x86_64-fedora-clang, r-devel-linux-x86_64-fedora-gcc, r-devel-windows-x86_64-gcc10-UCRT, r-patched-solaris-x86, r-release-macos-arm64, r-release-macos-x86_64, r-oldrel-macos-x86_64