CRAN Package Check Results for Package posterdown

Last updated on 2023-10-04 00:58:33 CEST.

Flavor Version Tinstall Tcheck Ttotal Status Flags
r-devel-linux-x86_64-debian-clang 1.0 1.98 24.16 26.14 NOTE
r-devel-linux-x86_64-debian-gcc 1.0 1.77 18.80 20.57 NOTE
r-devel-linux-x86_64-fedora-clang 1.0 32.77 NOTE
r-devel-linux-x86_64-fedora-gcc 1.0 43.86 NOTE
r-devel-windows-x86_64 1.0 4.00 42.00 46.00 NOTE
r-patched-linux-x86_64 1.0 7.60 22.79 30.39 NOTE
r-release-linux-x86_64 1.0 1.52 22.77 24.29 NOTE
r-release-macos-arm64 1.0 27.00 NOTE
r-release-macos-x86_64 1.0 29.00 NOTE
r-release-windows-x86_64 1.0 5.00 41.00 46.00 NOTE
r-oldrel-macos-arm64 1.0 16.00 NOTE
r-oldrel-macos-x86_64 1.0 29.00 NOTE
r-oldrel-windows-x86_64 1.0 6.00 44.00 50.00 NOTE

Check Details

Version: 1.0
Check: LazyData
Result: NOTE
     'LazyData' is specified without a 'data' directory
Flavors: r-devel-linux-x86_64-debian-clang, r-devel-linux-x86_64-debian-gcc, r-devel-linux-x86_64-fedora-clang, r-devel-linux-x86_64-fedora-gcc, r-devel-windows-x86_64, r-patched-linux-x86_64, r-release-linux-x86_64, r-release-macos-arm64, r-release-macos-x86_64, r-release-windows-x86_64, r-oldrel-macos-arm64, r-oldrel-macos-x86_64, r-oldrel-windows-x86_64