CRAN Package Check Results for Package ppcSpatial

Last updated on 2024-06-14 00:53:53 CEST.

Flavor Version Tinstall Tcheck Ttotal Status Flags
r-devel-linux-x86_64-debian-clang 0.3.0 39.08 366.04 405.12 OK
r-devel-linux-x86_64-debian-gcc 0.3.0 0.48 1.75 2.23 ERROR
r-devel-linux-x86_64-fedora-clang 0.3.0 485.18 OK
r-devel-linux-x86_64-fedora-gcc 0.3.0 448.69 OK
r-devel-windows-x86_64 0.3.0 29.00 212.00 241.00 OK
r-patched-linux-x86_64 0.3.0 23.65 345.31 368.96 OK
r-release-linux-x86_64 0.3.0 24.71 344.31 369.02 OK
r-release-macos-arm64 0.3.0 132.00 OK
r-release-macos-x86_64 0.3.0 191.00 OK
r-release-windows-x86_64 0.3.0 30.00 213.00 243.00 OK
r-oldrel-macos-arm64 0.3.0 119.00 OK
r-oldrel-macos-x86_64 0.3.0 215.00 OK
r-oldrel-windows-x86_64 0.3.0 39.00 280.00 319.00 OK

Check Details

Version: 0.3.0
Check: package dependencies
Result: ERROR Packages required but not available: 'dplyr', 'ggplot2', 'PakPC2017', 'tidyr', 'tmap' Package suggested but not available for checking: ‘testthat’ See section ‘The DESCRIPTION file’ in the ‘Writing R Extensions’ manual. Flavor: r-devel-linux-x86_64-debian-gcc