CRAN Package Check Results for Package ppclust

Last updated on 2021-11-28 00:48:55 CET.

Flavor Version Tinstall Tcheck Ttotal Status Flags
r-devel-linux-x86_64-debian-clang 1.1.0 OK
r-devel-linux-x86_64-debian-gcc 1.1.0 8.02 122.00 130.02 OK
r-devel-linux-x86_64-fedora-clang 1.1.0 218.62 NOTE
r-devel-linux-x86_64-fedora-gcc 1.1.0 215.46 OK
r-devel-windows-x86_64-new-UL 1.1.0 23.00 238.00 261.00 OK
r-devel-windows-x86_64-new-TK 1.1.0 OK
r-devel-windows-x86_64-old 1.1.0 11.00 223.00 234.00 OK
r-patched-linux-x86_64 1.1.0 10.61 171.02 181.63 OK
r-patched-solaris-x86 1.1.0 148.60 OK
r-release-linux-x86_64 1.1.0 OK
r-release-macos-arm64 1.1.0 OK
r-release-macos-x86_64 1.1.0 OK
r-release-windows-ix86+x86_64 1.1.0 17.00 156.00 173.00 OK
r-oldrel-macos-x86_64 1.1.0 OK
r-oldrel-windows-ix86+x86_64 1.1.0 16.00 215.00 231.00 OK

Check Details

Version: 1.1.0
Check: Rd cross-references
Result: NOTE
    Undeclared package ‘advclust’ in Rd xrefs
Flavor: r-devel-linux-x86_64-fedora-clang