CRAN Package Check Results for Package ppcong

Last updated on 2023-06-03 00:57:16 CEST.

Flavor Version Tinstall Tcheck Ttotal Status Flags
r-devel-linux-x86_64-debian-clang 0.0.2 2.64 24.67 27.31 NOTE
r-devel-linux-x86_64-debian-gcc 0.0.2 1.68 19.41 21.09 NOTE
r-devel-linux-x86_64-fedora-clang 0.0.2 33.99 NOTE
r-devel-linux-x86_64-fedora-gcc 0.0.2 32.17 NOTE
r-devel-windows-x86_64 0.0.2 4.00 41.00 45.00 NOTE
r-patched-linux-x86_64 0.0.2 NOTE
r-release-linux-x86_64 0.0.2 1.86 23.91 25.77 NOTE
r-release-macos-arm64 0.0.2 18.00 NOTE
r-release-macos-x86_64 0.0.2 20.00 NOTE
r-release-windows-x86_64 0.0.2 4.00 43.00 47.00 NOTE
r-oldrel-macos-arm64 0.0.2 16.00 NOTE
r-oldrel-macos-x86_64 0.0.2 23.00 NOTE
r-oldrel-windows-x86_64 0.0.2 5.00 44.00 49.00 NOTE

Check Details

Version: 0.0.2
Check: LazyData
Result: NOTE
     'LazyData' is specified without a 'data' directory
Flavors: r-devel-linux-x86_64-debian-clang, r-devel-linux-x86_64-debian-gcc, r-devel-linux-x86_64-fedora-clang, r-devel-linux-x86_64-fedora-gcc, r-devel-windows-x86_64, r-patched-linux-x86_64, r-release-linux-x86_64, r-release-macos-arm64, r-release-macos-x86_64, r-release-windows-x86_64, r-oldrel-macos-arm64, r-oldrel-macos-x86_64, r-oldrel-windows-x86_64