CRAN Package Check Results for Package prcr

Last updated on 2024-07-20 00:56:59 CEST.

Flavor Version Tinstall Tcheck Ttotal Status Flags
r-devel-linux-x86_64-debian-clang 0.2.1 7.37 61.19 68.56 OK
r-devel-linux-x86_64-debian-gcc 0.2.1 4.69 48.67 53.36 OK
r-devel-linux-x86_64-fedora-clang 0.2.1 86.53 NOTE
r-devel-linux-x86_64-fedora-gcc 0.2.1 94.69 NOTE
r-devel-windows-x86_64 0.2.1 7.00 66.00 73.00 OK
r-patched-linux-x86_64 0.2.1 5.44 61.33 66.77 OK
r-release-linux-x86_64 0.2.1 3.64 59.51 63.15 OK
r-release-macos-arm64 0.2.1 34.00 OK
r-release-macos-x86_64 0.2.1 48.00 OK
r-release-windows-x86_64 0.2.1 6.00 73.00 79.00 OK
r-oldrel-macos-arm64 0.2.1 35.00 OK
r-oldrel-macos-x86_64 0.2.1 47.00 OK
r-oldrel-windows-x86_64 0.2.1 7.00 75.00 82.00 OK

Check Details

Version: 0.2.1
Check: dependencies in R code
Result: NOTE Namespaces in Imports field not imported from: ‘class’ ‘forcats’ ‘irr’ ‘lpSolve’ ‘purrr’ All declared Imports should be used. Flavors: r-devel-linux-x86_64-fedora-clang, r-devel-linux-x86_64-fedora-gcc