Last updated on 2023-05-29 00:59:41 CEST.
Flavor | Version | Tinstall | Tcheck | Ttotal | Status | Flags |
---|---|---|---|---|---|---|
r-devel-linux-x86_64-debian-clang | 0.1-8 | 41.30 | 259.01 | 300.31 | OK | |
r-devel-linux-x86_64-debian-gcc | 0.1-8 | 30.41 | 192.40 | 222.81 | OK | |
r-devel-linux-x86_64-fedora-clang | 0.1-8 | 360.10 | NOTE | |||
r-devel-linux-x86_64-fedora-gcc | 0.1-8 | 342.87 | OK | |||
r-devel-windows-x86_64 | 0.1-8 | 26.00 | 165.00 | 191.00 | OK | |
r-patched-linux-x86_64 | 0.1-8 | 37.33 | 245.81 | 283.14 | OK | |
r-release-linux-x86_64 | 0.1-8 | 35.00 | 243.62 | 278.62 | OK | |
r-release-macos-arm64 | 0.1-8 | 80.00 | OK | |||
r-release-macos-x86_64 | 0.1-8 | 187.00 | NOTE | |||
r-release-windows-x86_64 | 0.1-8 | 24.00 | 257.00 | 281.00 | OK | |
r-oldrel-macos-arm64 | 0.1-8 | 77.00 | OK | |||
r-oldrel-macos-x86_64 | 0.1-8 | 109.00 | OK | |||
r-oldrel-windows-x86_64 | 0.1-8 | 39.00 | 214.00 | 253.00 | OK |
Version: 0.1-8
Check: Rd cross-references
Result: NOTE
Undeclared package ‘raster’ in Rd xrefs
Flavor: r-devel-linux-x86_64-fedora-clang
Version: 0.1-8
Check: installed package size
Result: NOTE
installed size is 5.4Mb
sub-directories of 1Mb or more:
R 4.0Mb
Flavor: r-release-macos-x86_64