Last updated on 2023-03-21 00:50:30 CET.
Flavor | Version | Tinstall | Tcheck | Ttotal | Status | Flags |
---|---|---|---|---|---|---|
r-devel-linux-x86_64-debian-clang | 0.3.7 | OK | ||||
r-devel-linux-x86_64-debian-gcc | 0.3.7 | 3.42 | 32.35 | 35.77 | ERROR | |
r-devel-linux-x86_64-fedora-clang | 0.3.7 | 61.41 | OK | |||
r-devel-linux-x86_64-fedora-gcc | 0.3.7 | 67.52 | OK | |||
r-patched-linux-x86_64 | 0.3.7 | 4.64 | 41.60 | 46.24 | OK | |
r-release-linux-x86_64 | 0.3.7 | 4.19 | 41.74 | 45.93 | OK | |
r-release-macos-arm64 | 0.3.7 | 22.00 | OK | |||
r-release-macos-x86_64 | 0.3.7 | 32.00 | OK | |||
r-release-windows-x86_64 | 0.3.7 | 37.00 | 76.00 | 113.00 | OK | |
r-oldrel-macos-arm64 | 0.3.7 | 25.00 | OK | |||
r-oldrel-macos-x86_64 | 0.3.7 | 34.00 | OK | |||
r-oldrel-windows-ix86+x86_64 | 0.3.7 | 9.00 | 67.00 | 76.00 | OK |
Version: 0.3.7
Check: re-building of vignette outputs
Result: ERROR
Error(s) in re-building vignettes:
...
--- re-building ‘presize.Rmd’ using rmarkdown
Quitting from lines 149-185 (presize.Rmd)
Error: processing vignette ‘presize.Rmd’ failed with diagnostics:
DLL requires the use of native symbols
--- failed re-building ‘presize.Rmd’
SUMMARY: processing the following file failed:
‘presize.Rmd’
Error: Vignette re-building failed.
Execution halted
Flavor: r-devel-linux-x86_64-debian-gcc