CRAN Package Check Results for Package prettyB

Last updated on 2023-10-04 00:58:33 CEST.

Flavor Version Tinstall Tcheck Ttotal Status Flags
r-devel-linux-x86_64-debian-clang 0.2.2 3.00 33.68 36.68 NOTE
r-devel-linux-x86_64-debian-gcc 0.2.2 2.47 25.88 28.35 NOTE
r-devel-linux-x86_64-fedora-clang 0.2.2 45.91 NOTE
r-devel-linux-x86_64-fedora-gcc 0.2.2 56.59 NOTE
r-devel-windows-x86_64 0.2.2 6.00 49.00 55.00 NOTE
r-patched-linux-x86_64 0.2.2 3.03 32.56 35.59 NOTE
r-release-linux-x86_64 0.2.2 3.21 32.93 36.14 NOTE
r-release-macos-arm64 0.2.2 24.00 NOTE
r-release-macos-x86_64 0.2.2 36.00 NOTE
r-release-windows-x86_64 0.2.2 4.00 49.00 53.00 NOTE
r-oldrel-macos-arm64 0.2.2 21.00 NOTE
r-oldrel-macos-x86_64 0.2.2 27.00 NOTE
r-oldrel-windows-x86_64 0.2.2 6.00 51.00 57.00 NOTE

Check Details

Version: 0.2.2
Check: LazyData
Result: NOTE
     'LazyData' is specified without a 'data' directory
Flavors: r-devel-linux-x86_64-debian-clang, r-devel-linux-x86_64-debian-gcc, r-devel-linux-x86_64-fedora-clang, r-devel-linux-x86_64-fedora-gcc, r-devel-windows-x86_64, r-patched-linux-x86_64, r-release-linux-x86_64, r-release-macos-arm64, r-release-macos-x86_64, r-release-windows-x86_64, r-oldrel-macos-arm64, r-oldrel-macos-x86_64, r-oldrel-windows-x86_64