CRAN Package Check Results for Package prettymapr

Last updated on 2021-10-17 00:48:46 CEST.

Flavor Version Tinstall Tcheck Ttotal Status Flags
r-devel-linux-x86_64-debian-clang 0.2.2 3.25 27.78 31.03 NOTE
r-devel-linux-x86_64-debian-gcc 0.2.2 2.38 21.55 23.93 NOTE
r-devel-linux-x86_64-fedora-clang 0.2.2 47.31 NOTE
r-devel-linux-x86_64-fedora-gcc 0.2.2 36.68 NOTE
r-devel-windows-x86_64 0.2.2 6.00 46.00 52.00 NOTE
r-devel-windows-x86_64-gcc10-UCRT 0.2.2 NOTE
r-patched-linux-x86_64 0.2.2 3.46 27.56 31.02 NOTE
r-patched-solaris-x86 0.2.2 55.80 ERROR
r-release-linux-x86_64 0.2.2 3.00 27.33 30.33 NOTE
r-release-macos-arm64 0.2.2 NOTE
r-release-macos-x86_64 0.2.2 NOTE
r-release-windows-ix86+x86_64 0.2.2 4.00 50.00 54.00 NOTE
r-oldrel-macos-x86_64 0.2.2 OK
r-oldrel-windows-ix86+x86_64 0.2.2 6.00 54.00 60.00 OK

Check Details

Version: 0.2.2
Check: LazyData
Result: NOTE
     'LazyData' is specified without a 'data' directory
Flavors: r-devel-linux-x86_64-debian-clang, r-devel-linux-x86_64-debian-gcc, r-devel-linux-x86_64-fedora-clang, r-devel-linux-x86_64-fedora-gcc, r-devel-windows-x86_64, r-devel-windows-x86_64-gcc10-UCRT, r-patched-linux-x86_64, r-patched-solaris-x86, r-release-linux-x86_64, r-release-macos-arm64, r-release-macos-x86_64, r-release-windows-ix86+x86_64

Version: 0.2.2
Check: tests
Result: ERROR
     Running ‘test-all.R’ [5s/191s]
    Running the tests in ‘tests/test-all.R’ failed.
    Complete output:
     >
     > library(testthat)
     >
     > test_check("prettymapr")
     Loading required package: prettymapr
    
     | | 0%
     |======== |16.66667% ~0 s remaining
     |================= |33.33333% ~0 s remaining
     |========================== | 50% ~0 s remaining
     |================================== |66.66667% ~0 s remaining
     |=========================================== |83.33333% ~0 s remaining
     |====================================================|100% ~0 s remaining
     |====================================================|100% Completed after 1 s
    
     | | 0%
     |======== |16.66667% ~0 s remaining
     |================= |33.33333% ~0 s remaining
     |========================== | 50% ~0 s remaining
     |================================== |66.66667% ~0 s remaining
     |=========================================== |83.33333% ~0 s remaining
     |====================================================|100% ~0 s remaining
     |====================================================|100% Completed after 0 s
    
     | | 0%
     |======== |16.66667% ~0 s remaining
     |================= |33.33333% ~0 s remaining
     |========================== | 50% ~0 s remaining
     |================================== |66.66667% ~0 s remaining
     |=========================================== |83.33333% ~0 s remaining
     |====================================================|100% ~0 s remaining
     |====================================================|100% Completed after 0 s
    
     | | 0%
     |======== |16.66667% ~0 s remaining
     |================= |33.33333% ~0 s remaining
     |========================== | 50% ~0 s remaining
     |================================== |66.66667% ~0 s remaining
     |=========================================== |83.33333% ~0 s remaining
     |====================================================|100% ~0 s remaining
     |====================================================|100% Completed after 0 s
    
     | | 0%
     |======== |16.66667% ~0 s remaining
     |================= |33.33333% ~0 s remaining
     |========================== | 50% ~0 s remaining
     |================================== |66.66667% ~0 s remaining
     |=========================================== |83.33333% ~0 s remaining
     |====================================================|100% ~0 s remaining
     |====================================================|100% Completed after 0 s
    
     | | 0%
     |======== |16.66667% ~0 s remaining
     |================= |33.33333% ~0 s remaining
     |========================== | 50% ~0 s remaining
     |================================== |66.66667% ~0 s remaining
     |=========================================== |83.33333% ~0 s remaining
     |====================================================|100% ~0 s remaining
     |====================================================|100% Completed after 0 s
    
     | | 0%
     |======== |16.66667% ~0 s remaining
     |================= |33.33333% ~0 s remaining
     |========================== | 50% ~0 s remaining
     |================================== |66.66667% ~0 s remaining
     |=========================================== |83.33333% ~0 s remaining
     |====================================================|100% ~0 s remaining
     |====================================================|100% Completed after 0 s
    
     | | 0%
     |======== |16.66667% ~0 s remaining
     |================= |33.33333% ~0 s remaining
     |========================== | 50% ~0 s remaining
     |================================== |66.66667% ~0 s remaining
     |=========================================== |83.33333% ~0 s remaining
     |====================================================|100% ~0 s remaining
     |====================================================|100% Completed after 0 s
    
     | | 0%
     |======== |16.66667% ~0 s remaining
     |================= |33.33333% ~0 s remaining
     |========================== | 50% ~0 s remaining
     |================================== |66.66667% ~0 s remaining
     |=========================================== |83.33333% ~0 s remaining
     |====================================================|100% ~0 s remaining
     |====================================================|100% Completed after 0 s
    
     | | 0%
     |======== |16.66667% ~0 s remaining
     |================= |33.33333% ~0 s remaining
     |========================== | 50% ~0 s remaining
     |================================== |66.66667% ~0 s remaining
     |=========================================== |83.33333% ~0 s remaining
     |====================================================|100% ~0 s remaining
     |====================================================|100% Completed after 0 s
     ══ Failed tests ════════════════════════════════════════════════════════════════
     ── Error (test_restquery.R:7:3): rest query caches results ─────────────────────
     Error: Unable to connect to https://www.goodreads.com/book/title?key=HSkIMuOGlxFIOmfBCGFVA&title=catch-22: Error in curl::curl_fetch_memory(url, handle = handle) :
     Timeout was reached: [www.goodreads.com] Resolving timed out after 10000 milliseconds
    
     Backtrace:
     █
     1. ├─testthat::expect_message(...) test_restquery.R:7:2
     2. │ └─testthat:::quasi_capture(enquo(object), label, capture_messages)
     3. │ ├─testthat:::.capture(...)
     4. │ │ └─base::withCallingHandlers(...)
     5. │ └─rlang::eval_bare(quo_get_expr(.quo), quo_get_env(.quo))
     6. └─prettymapr:::restquery(...)
    
     [ FAIL 1 | WARN 0 | SKIP 0 | PASS 111 ]
     Error: Test failures
     Execution halted
Flavor: r-patched-solaris-x86