CRAN Package Check Results for Package prevederer

Last updated on 2021-10-19 00:49:27 CEST.

Flavor Version Tinstall Tcheck Ttotal Status Flags
r-devel-linux-x86_64-debian-clang 0.0.1 2.23 22.37 24.60 NOTE
r-devel-linux-x86_64-debian-gcc 0.0.1 1.70 17.82 19.52 NOTE
r-devel-linux-x86_64-fedora-clang 0.0.1 40.41 NOTE
r-devel-linux-x86_64-fedora-gcc 0.0.1 29.86 NOTE
r-devel-windows-x86_64 0.0.1 5.00 41.00 46.00 NOTE
r-devel-windows-x86_64-gcc10-UCRT 0.0.1 NOTE
r-patched-linux-x86_64 0.0.1 2.55 22.15 24.70 NOTE
r-patched-solaris-x86 0.0.1 47.10 NOTE
r-release-linux-x86_64 0.0.1 1.95 21.81 23.76 NOTE
r-release-macos-arm64 0.0.1 NOTE
r-release-macos-x86_64 0.0.1 NOTE
r-release-windows-ix86+x86_64 0.0.1 4.00 39.00 43.00 NOTE
r-oldrel-macos-x86_64 0.0.1 OK
r-oldrel-windows-ix86+x86_64 0.0.1 5.00 41.00 46.00 OK

Check Details

Version: 0.0.1
Check: LazyData
Result: NOTE
     'LazyData' is specified without a 'data' directory
Flavors: r-devel-linux-x86_64-debian-clang, r-devel-linux-x86_64-debian-gcc, r-devel-linux-x86_64-fedora-clang, r-devel-linux-x86_64-fedora-gcc, r-devel-windows-x86_64, r-devel-windows-x86_64-gcc10-UCRT, r-patched-linux-x86_64, r-patched-solaris-x86, r-release-linux-x86_64, r-release-macos-arm64, r-release-macos-x86_64, r-release-windows-ix86+x86_64