CRAN Package Check Results for Package priceR

Last updated on 2021-10-26 01:00:01 CEST.

Flavor Version Tinstall Tcheck Ttotal Status Flags
r-devel-linux-x86_64-debian-clang 0.1.6 5.19 48.13 53.32 OK
r-devel-linux-x86_64-debian-gcc 0.1.6 3.67 35.24 38.91 OK
r-devel-linux-x86_64-fedora-clang 0.1.6 72.58 NOTE
r-devel-linux-x86_64-fedora-gcc 0.1.6 62.18 NOTE
r-devel-windows-x86_64 0.1.6 9.00 61.00 70.00 OK
r-devel-windows-x86_64-gcc10-UCRT 0.1.6 NOTE
r-patched-linux-x86_64 0.1.6 5.10 44.65 49.75 OK
r-patched-solaris-x86 0.1.6 93.00 NOTE
r-release-linux-x86_64 0.1.6 4.87 44.45 49.32 OK
r-release-macos-arm64 0.1.6 NOTE
r-release-macos-x86_64 0.1.6 NOTE
r-release-windows-ix86+x86_64 0.1.6 9.00 75.00 84.00 OK
r-oldrel-macos-x86_64 0.1.6 NOTE
r-oldrel-windows-ix86+x86_64 0.1.6 14.00 82.00 96.00 OK

Check Details

Version: 0.1.6
Check: dependencies in R code
Result: NOTE
    Namespaces in Imports field not imported from:
     ‘curl’ ‘lubridate’
     All declared Imports should be used.
Flavors: r-devel-linux-x86_64-fedora-clang, r-devel-linux-x86_64-fedora-gcc, r-devel-windows-x86_64-gcc10-UCRT, r-patched-solaris-x86, r-release-macos-arm64, r-release-macos-x86_64, r-oldrel-macos-x86_64