CRAN Package Check Results for Package pricesensitivitymeter

Last updated on 2021-10-24 00:51:07 CEST.

Flavor Version Tinstall Tcheck Ttotal Status Flags
r-devel-linux-x86_64-debian-clang 1.2.2 9.48 90.77 100.25 OK
r-devel-linux-x86_64-debian-gcc 1.2.2 7.22 70.04 77.26 OK
r-devel-linux-x86_64-fedora-clang 1.2.2 137.84 OK
r-devel-linux-x86_64-fedora-gcc 1.2.2 93.24 OK
r-devel-windows-x86_64 1.2.2 14.00 125.00 139.00 OK
r-devel-windows-x86_64-gcc10-UCRT 1.2.2 OK
r-patched-linux-x86_64 1.2.2 14.48 93.73 108.21 OK
r-patched-solaris-x86 1.2.2 159.30 OK
r-release-linux-x86_64 1.2.2 8.45 95.61 104.06 OK
r-release-macos-arm64 1.2.1 NOTE
r-release-macos-x86_64 1.2.2 OK
r-release-windows-ix86+x86_64 1.2.1 16.00 121.00 137.00 NOTE
r-oldrel-macos-x86_64 1.2.2 OK
r-oldrel-windows-ix86+x86_64 1.2.2 15.00 92.00 107.00 OK

Check Details

Version: 1.2.1
Check: LazyData
Result: NOTE
     'LazyData' is specified without a 'data' directory
Flavors: r-release-macos-arm64, r-release-windows-ix86+x86_64