CRAN Package Check Results for Package probout

Last updated on 2021-10-26 01:00:01 CEST.

Flavor Version Tinstall Tcheck Ttotal Status Flags
r-devel-linux-x86_64-debian-clang 1.1.1 3.92 411.39 415.31 OK
r-devel-linux-x86_64-debian-gcc 1.1.1 2.74 280.24 282.98 OK
r-devel-linux-x86_64-fedora-clang 1.1.1 471.99 NOTE
r-devel-linux-x86_64-fedora-gcc 1.1.1 461.56 OK
r-devel-windows-x86_64 1.1.1 8.00 359.00 367.00 OK
r-devel-windows-x86_64-gcc10-UCRT 1.1.1 OK
r-patched-linux-x86_64 1.1.1 3.65 379.31 382.96 OK
r-patched-solaris-x86 1.1.1 569.90 OK
r-release-linux-x86_64 1.1.1 3.11 382.76 385.87 OK
r-release-macos-arm64 1.1.1 OK
r-release-macos-x86_64 1.1.1 OK
r-release-windows-ix86+x86_64 1.1.1 9.00 470.00 479.00 OK
r-oldrel-macos-x86_64 1.1.1 OK
r-oldrel-windows-ix86+x86_64 1.1.1 11.00 471.00 482.00 OK

Check Details

Version: 1.1.1
Check: package dependencies
Result: NOTE
    Suggests orphaned package: ‘bibtex’
Flavor: r-devel-linux-x86_64-fedora-clang